{"id":139,"date":"2014-09-15T15:45:18","date_gmt":"2014-09-15T14:45:18","guid":{"rendered":"http:\/\/www.cruet.fr\/?page_id=139"},"modified":"2025-11-25T15:33:27","modified_gmt":"2025-11-25T14:33:27","slug":"la-mairie-2","status":"publish","type":"page","link":"https:\/\/www.cruet.fr\/?page_id=139","title":{"rendered":"Les services municipaux"},"content":{"rendered":"<h2><span style=\"color: #ff6600;\">Services administratifs<\/span><\/h2>\n<ul>\n<li>Virginie BOEHM, Secr\u00e9taire g\u00e9n\u00e9ral de Mairie, Responsable des Services<\/li>\n<li>S\u00e9verine LINETTE, Agent d&rsquo;accueil &#8211; urbanisme &#8211; r\u00e9servation de salles\u00a0<\/li>\n<\/ul>\n<p><strong>Ouverture du secr\u00e9tariat<\/strong><\/p>\n<table class=\"tab\" style=\"height: 60px; width: 100%;\" border=\"0\" width=\"286\" cellspacing=\"0\" cellpadding=\"0\">\n<tbody>\n<tr style=\"background-color: #d1d1d1;\">\n<td style=\"height: 20px; vertical-align: middle;\">Lundi<\/td>\n<td style=\"height: 20px; vertical-align: middle;\">de 15h00 \u00e0 18h00<\/td>\n<\/tr>\n<tr style=\"background-color: #d1d1d1;\">\n<td style=\"height: 20px; vertical-align: middle;\">Jeudi<\/td>\n<td style=\"height: 20px; vertical-align: middle;\">de 9h00 \u00e0 12h00<\/td>\n<\/tr>\n<tr style=\"background-color: #d1d1d1;\">\n<td style=\"height: 20px; vertical-align: middle;\">Vendredi<\/td>\n<td style=\"height: 20px; vertical-align: middle;\">de 9h00 \u00e0 12h00<\/td>\n<\/tr>\n<\/tbody>\n<\/table>\n<p style=\"text-align: left;\"><strong>Permanences du Maire et les adjoints<\/strong> <span style=\"color: #fa5705;\"><span style=\"text-decoration: underline;\">sur RDV<\/span><\/span><br \/>Madame Christiane Brunet, conseill\u00e8re g\u00e9n\u00e9rale, re\u00e7oit sur rendez-vous et se d\u00e9place en mairie r\u00e9guli\u00e8rement. Informez-vous aupr\u00e8s de la Mairie.<\/p>\n<h2><span style=\"color: #ff6600;\">Services techniques<\/span><\/h2>\n<ul>\n<li>J\u00e9r\u00f4me FELIX<\/li>\n<li>Jean-Luc DEFRENE<\/li>\n<\/ul>\n<h2><span style=\"color: #ff6600;\">Restaurant scolaire, garderie p\u00e9riscolaire, biblioth\u00e8que et entretien<\/span><\/h2>\n<ul>\n<li>Ludivine LAAZAOUI, coordinatrice des activit\u00e9s p\u00e9riscolaires &#8211; biblioth\u00e8que &#8211; entretien des b\u00e2timents (Ecole &#8211; Espace communal Mont Charvet &#8211; Mairie)<\/li>\n<li>Evelyne DEPIEDS, garderie et animation du restaurant<\/li>\n<li>Marie-Jo YOUSFI, restauration scolaire<\/li>\n<li>Aliz\u00e9 JOLY, animation et entretien des b\u00e2timents (Ecole, Espace communal Mont Charvet)<\/li>\n<li>Mariane DONJON, entretien des b\u00e2timents (Ecole &#8211; salle des f\u00eates)<\/li>\n<\/ul>\n<h2><span style=\"color: #ff6600;\">Ecole : ATSEM<\/span><\/h2>\n<ul>\n<li>Dominique LAPIERRE (petite et moyenne section)<\/li>\n<\/ul>\n\n","protected":false},"excerpt":{"rendered":"<p>Services administratifs Virginie BOEHM, Secr\u00e9taire g\u00e9n\u00e9ral de Mairie, Responsable des Services S\u00e9verine LINETTE, Agent d&rsquo;accueil &#8211; urbanisme &#8211; r\u00e9servation de salles\u00a0 Ouverture du secr\u00e9tariat Lundi &hellip;<\/p>\n","protected":false},"author":2,"featured_media":0,"parent":0,"menu_order":0,"comment_status":"closed","ping_status":"closed","template":"","meta":{"footnotes":""},"class_list":["post-139","page","type-page","status-publish","hentry"],"_links":{"self":[{"href":"https:\/\/www.cruet.fr\/index.php?rest_route=\/wp\/v2\/pages\/139","targetHints":{"allow":["GET"]}}],"collection":[{"href":"https:\/\/www.cruet.fr\/index.php?rest_route=\/wp\/v2\/pages"}],"about":[{"href":"https:\/\/www.cruet.fr\/index.php?rest_route=\/wp\/v2\/types\/page"}],"author":[{"embeddable":true,"href":"https:\/\/www.cruet.fr\/index.php?rest_route=\/wp\/v2\/users\/2"}],"replies":[{"embeddable":true,"href":"https:\/\/www.cruet.fr\/index.php?rest_route=%2Fwp%2Fv2%2Fcomments&post=139"}],"version-history":[{"count":0,"href":"https:\/\/www.cruet.fr\/index.php?rest_route=\/wp\/v2\/pages\/139\/revisions"}],"wp:attachment":[{"href":"https:\/\/www.cruet.fr\/index.php?rest_route=%2Fwp%2Fv2%2Fmedia&parent=139"}],"curies":[{"name":"wp","href":"https:\/\/api.w.org\/{rel}","templated":true}]}}