{"id":1841,"date":"2016-02-03T10:33:15","date_gmt":"2016-02-03T09:33:15","guid":{"rendered":"http:\/\/www.cruet.fr\/?page_id=1841"},"modified":"2025-01-15T10:29:41","modified_gmt":"2025-01-15T09:29:41","slug":"plan-communal-de-sauvegarde","status":"publish","type":"page","link":"https:\/\/www.cruet.fr\/?page_id=1841","title":{"rendered":"La s\u00e9curit\u00e9 et pr\u00e9vention"},"content":{"rendered":"<h2 style=\"text-align: left;\"><span style=\"color: #ff6600;\">Le DICRIM<\/span><\/h2>\n<p style=\"text-align: left;\">Le <strong>Document d\u2019Information Communal sur les Risques Majeurs<\/strong> (DICRIM) a \u00e9t\u00e9 con\u00e7u pour votre famille et vos proches au titre de <strong>l\u2019information et de la sensibilisation aux risques naturels et technologiques<\/strong> encourus et aux mesures de sauvegarde que vous pourriez \u00eatre amen\u00e9s \u00e0 prendre pour vous en prot\u00e9ger. La commune de Cruet a particip\u00e9 \u00e0 la d\u00e9marche de gestion des risques majeurs initi\u00e9e \u00e0 l\u2019\u00e9chelle intercommunale.<\/p>\n<table>\n<tbody>\n<tr>\n<td style=\"background-color: #d1d1d1;\"><a class=\"border:5px\" href=\"https:\/\/www.cruet.fr\/wp-content\/uploads\/Dicrim_Cruet.pdf\" target=\"_blank\" rel=\"https:\/\/www.cruet.fr\/wp-content\/uploads\/Dicrim_Cruet.pdf noopener\"><img loading=\"lazy\" decoding=\"async\" class=\"alignleft wp-image-994 size-full\" src=\"https:\/\/www.cruet.fr\/wp-content\/uploads\/Dicrim.jpg\" alt=\"Dicrim\" width=\"140\" height=\"198\" \/><\/a><\/td>\n<td style=\"text-align: justify;\">\n<p style=\"text-align: left;\">Dans ce dispositif, l\u2019information et la formation des habitants sont essentielles, ce qui explique l\u2019\u00e9dition du pr\u00e9sent Document d\u2019Information Communal sur les Risques Majeurs (DICRIM).<\/p>\n<p style=\"text-align: left;\">Il vise \u00e0 vous informer sereinement parce que le risque z\u00e9ro n\u2019existe pas et que la transparence est la meilleure mani\u00e8re d\u2019\u00e9viter les exag\u00e9rations.<\/p>\n<\/td>\n<\/tr>\n<\/tbody>\n<\/table>\n<h2 style=\"text-align: justify;\"><span style=\"color: #ff6600;\">Le Plan Communal de Sauvegarde<\/span><\/h2>\n<p style=\"text-align: left;\">Parall\u00e8lement, l\u2019\u00e9quipe municipale a travaill\u00e9 \u00e0 la mise en place du <strong>Plan Communal de Sauvegarde<\/strong> (PCS) qui vise \u00e0 recenser et organiser tous les moyens n\u00e9cessaires \u00e0 la mise en s\u00e9curit\u00e9 des habitants de la commune en cas <strong>d\u2019\u00e9v\u00e8nements majeurs<\/strong> (alerte, \u00e9vacuation, ravitaillement, h\u00e9bergement d\u2019urgence\u2026).<\/p>\n<p style=\"text-align: left;\">Le Plan Communal de Sauvegarde (PCS) est un <strong>outil mis en place \u00e0 l&rsquo;\u00e9chelle communale<\/strong>, sous la responsabilit\u00e9 du maire, pour <strong>planifier les actions des acteurs communaux de la gestion du risque<\/strong> (\u00e9lus, agents municipaux, b\u00e9n\u00e9voles, entreprises partenaires) en cas d&rsquo;\u00e9v\u00e8nements majeurs naturels, technologiques ou sanitaires.<\/p>\n<p style=\"text-align: left;\">Il a pour objectif l&rsquo;information pr\u00e9ventive et la protection de la population. Il se base sur le recensement des vuln\u00e9rabilit\u00e9s, des risques et des moyens disponibles (communaux ou priv\u00e9s) sur la commune. Il pr\u00e9voit l&rsquo;organisation n\u00e9cessaire pour assurer l&rsquo;alerte, l&rsquo;information, la protection et le soutien de la population.<\/p>\n<blockquote>\n<p style=\"text-align: left;\"><span style=\"color: #000000;\"><strong>Ce PCS n&rsquo;est efficace que lorsqu&rsquo;il est mis \u00e0 jour r\u00e9guli\u00e8rement<\/strong>. Nous vous proposons de remplir le questionnaire en ligne, afin que les secours puissent intervenir rapidement en cas de crise et cibler les personnes les plus vuln\u00e9rables. <\/span><\/p>\n<p style=\"text-align: left;\"><span style=\"color: #000000;\">Les informations recueillies ne seront utilis\u00e9es que dans le seul but de la mise en \u0153uvre du PCS. Vos r\u00e9ponses sont destin\u00e9es \u00e0 l\u2019\u00e9laboration d\u2019une base de donn\u00e9es confidentielle ayant pour seules vocations l\u2019alerte des populations et la transmission des consignes de s\u00e9curit\u00e9 \u00e0 appliquer <strong>en cas de risques majeurs<\/strong>.<\/span><\/p>\n<p style=\"text-align: left;\"><span style=\"color: #000000;\">L\u2019usage de cette base restera interne \u00e0 la mairie de Cruet et ne sera en aucun cas diffus\u00e9.<\/span><\/p>\n<\/blockquote>\n<p style=\"text-align: center;\"><a href=\"https:\/\/forms.gle\/VyXSdekLBHNG2k1Z7\" target=\"_blank\" rel=\"noopener noreferrer\"><strong>Acc\u00e8s au formulaire<\/strong><\/a><\/p>\n\n","protected":false},"excerpt":{"rendered":"<p>Le DICRIM Le Document d\u2019Information Communal sur les Risques Majeurs (DICRIM) a \u00e9t\u00e9 con\u00e7u pour votre famille et vos proches au titre de l\u2019information et &hellip;<\/p>\n","protected":false},"author":2,"featured_media":0,"parent":0,"menu_order":0,"comment_status":"closed","ping_status":"closed","template":"","meta":{"footnotes":""},"class_list":["post-1841","page","type-page","status-publish","hentry"],"_links":{"self":[{"href":"https:\/\/www.cruet.fr\/index.php?rest_route=\/wp\/v2\/pages\/1841","targetHints":{"allow":["GET"]}}],"collection":[{"href":"https:\/\/www.cruet.fr\/index.php?rest_route=\/wp\/v2\/pages"}],"about":[{"href":"https:\/\/www.cruet.fr\/index.php?rest_route=\/wp\/v2\/types\/page"}],"author":[{"embeddable":true,"href":"https:\/\/www.cruet.fr\/index.php?rest_route=\/wp\/v2\/users\/2"}],"replies":[{"embeddable":true,"href":"https:\/\/www.cruet.fr\/index.php?rest_route=%2Fwp%2Fv2%2Fcomments&post=1841"}],"version-history":[{"count":0,"href":"https:\/\/www.cruet.fr\/index.php?rest_route=\/wp\/v2\/pages\/1841\/revisions"}],"wp:attachment":[{"href":"https:\/\/www.cruet.fr\/index.php?rest_route=%2Fwp%2Fv2%2Fmedia&parent=1841"}],"curies":[{"name":"wp","href":"https:\/\/api.w.org\/{rel}","templated":true}]}}