{"id":43,"date":"2014-09-12T14:26:29","date_gmt":"2014-09-12T13:26:29","guid":{"rendered":"http:\/\/www.cruet.fr\/?page_id=43"},"modified":"2026-01-22T15:18:11","modified_gmt":"2026-01-22T14:18:11","slug":"salle-des-fetes","status":"publish","type":"page","link":"https:\/\/www.cruet.fr\/?page_id=43","title":{"rendered":"Location de la salle des f\u00eates"},"content":{"rendered":"<p style=\"text-align: left;\">Notre salle des f\u00eates peut accueillir <strong>180 personnes <span style=\"text-decoration: underline;\">maximum<\/span><\/strong>, tables et chaises sont fournies.<\/p>\n<p style=\"text-align: left;\">Elle dispose de deux cuisines \u00e9quip\u00e9es et d\u2019un bar. De la vaisselle peut \u00eatre lou\u00e9e, des parkings sont \u00e0 proximit\u00e9. Veuillez consulter le r\u00e8glement pour plus de renseignements sur la description du mat\u00e9riel \u00e0 disposition.<\/p>\n<ul>\n<li style=\"text-align: left;\">Veuillez consulter <a href=\"https:\/\/www.cruet.fr\/wp-content\/uploads\/Reglement_SDF.pdf\" target=\"_blank\" rel=\"noopener noreferrer\">le r\u00e8glement<\/a> pour la description du mat\u00e9riel.<\/li>\n<li style=\"text-align: left;\">Voir \u00e9galement le <a href=\"https:\/\/www.cruet.fr\/wp-content\/uploads\/PlanSDF.jpg\" target=\"_blank\" rel=\"noopener noreferrer\">plan<\/a> de la salle des f\u00eates.<\/li>\n<\/ul>\n<p><img loading=\"lazy\" decoding=\"async\" class=\"alignnone wp-image-1120 size-full\" src=\"https:\/\/www.cruet.fr\/wp-content\/uploads\/IMG_7312.jpg\" alt=\"IMG_7312\" width=\"533\" height=\"349\" srcset=\"https:\/\/www.cruet.fr\/wp-content\/uploads\/IMG_7312.jpg 533w, https:\/\/www.cruet.fr\/wp-content\/uploads\/IMG_7312-300x196.jpg 300w\" sizes=\"auto, (max-width: 533px) 100vw, 533px\" \/><\/p>\n<ul>\n<li>Pour conna\u00eetre les disponibilit\u00e9s de la salle, veuillez <a title=\"Nous contacter\" href=\"https:\/\/www.cruet.fr\/?page_id=571\" target=\"_blank\" rel=\"noopener noreferrer\">contacter la mairie<\/a>.<\/li>\n<\/ul>\n<h2><span style=\"color: #ff6600;\">Tarifs au 1er janvier 2026<\/span><strong><br \/>\n<\/strong><\/h2>\n<p><strong><span style=\"color: #ff6600;\">Et\u00e9<\/span> <\/strong>: du 1er avril au 31 octobre<br \/>\n<span style=\"color: #ff6600;\"><strong>Hiver<\/strong> <\/span>: du 1er novembre au 31 mars<\/p>\n<table class=\"tab\" style=\"height: 309px; width: 99.4388%;\" border=\"0\" width=\"533\" cellspacing=\"0\" cellpadding=\"0\">\n<tbody>\n<tr style=\"height: 19px;\">\n<td style=\"vertical-align: middle; width: 78.6935%; text-align: right; background-color: #fa5705; height: 19px;\"><span style=\"color: #ffffff;\">\u00a0<\/span><\/td>\n<td style=\"vertical-align: middle; width: 10.387%; background-color: #e0e0e0; height: 19px; text-align: center;\"><span style=\"color: #ff6600;\"><strong>ETE<\/strong><\/span><\/td>\n<td style=\"vertical-align: middle; width: 13.9297%; background-color: #e0e0e0; height: 19px; text-align: center;\"><span style=\"color: #ff6600;\"><strong>HIVER<\/strong><\/span><\/td>\n<\/tr>\n<tr style=\"background-color: #d1d1d1; height: 22px;\">\n<td style=\"height: 22px; vertical-align: middle; width: 78.6935%; text-align: right; background-color: #fa5705;\"><span style=\"color: #ffffff;\">Association d\u00e9clar\u00e9es \u00e0 Cruet<\/span><\/td>\n<td style=\"height: 22px; vertical-align: middle; width: 24.3167%; background-color: #e0e0e0; text-align: center;\" colspan=\"2\">Gratuit<\/td>\n<\/tr>\n<tr style=\"background-color: #d1d1d1; height: 22px;\">\n<td style=\"height: 22px; vertical-align: middle; width: 78.6935%; text-align: right; background-color: #fa5705;\"><span style=\"color: #ffffff;\">Habitants de Cruet pour usage priv\u00e9 (non commercial)<\/span><\/td>\n<td style=\"height: 22px; vertical-align: middle; width: 10.387%; background-color: #e0e0e0; text-align: center;\">\u00a0 270\u20ac<\/td>\n<td style=\"vertical-align: middle; width: 13.9297%; background-color: #e0e0e0; height: 22px; text-align: center;\">291\u20ac<\/td>\n<\/tr>\n<tr style=\"background-color: #d1d1d1; height: 22px;\">\n<td style=\"height: 22px; vertical-align: middle; width: 78.6935%; text-align: right; background-color: #fa5705;\"><span style=\"color: #ffffff;\">Particuliers ou associations hors commune<\/span><\/td>\n<td style=\"height: 22px; vertical-align: middle; width: 10.387%; background-color: #e0e0e0; text-align: center;\">\u00a0 727\u20ac<\/td>\n<td style=\"vertical-align: middle; width: 13.9297%; background-color: #e0e0e0; height: 22px; text-align: center;\">773\u20ac<\/td>\n<\/tr>\n<tr style=\"background-color: #d1d1d1; height: 22px;\">\n<td style=\"height: 22px; vertical-align: middle; width: 78.6935%; text-align: right; background-color: #fa5705;\"><span style=\"color: #ffffff;\">R\u00e9unions ou assembl\u00e9es hors commune (sans restauration)<\/span><\/td>\n<td style=\"height: 22px; vertical-align: middle; width: 10.387%; background-color: #e0e0e0; text-align: center;\">\u00a0 254\u20ac<\/td>\n<td style=\"vertical-align: middle; width: 13.9297%; background-color: #e0e0e0; height: 22px; text-align: center;\">276\u20ac<\/td>\n<\/tr>\n<tr>\n<td style=\"vertical-align: middle; width: 78.6935%; text-align: right; background-color: #fa5705;\"><span style=\"color: #ffffff;\">Professionnels, particuliers, entreprises, associations hors commune pour usage commercial<\/span><\/td>\n<td style=\"vertical-align: middle; background-color: #e0e0e0; text-align: center; width: 10.387%;\">900\u20ac<\/td>\n<td style=\"vertical-align: middle; background-color: #e0e0e0; text-align: center; width: 13.9297%;\">1000\u20ac<\/td>\n<\/tr>\n<tr style=\"background-color: #d1d1d1; height: 22px;\">\n<td style=\"height: 22px; vertical-align: middle; width: 78.6935%; text-align: right; background-color: #fa5705;\"><span style=\"color: #ffffff;\">Location de vaisselle<\/span><\/td>\n<td style=\"height: 22px; vertical-align: middle; background-color: #e0e0e0; text-align: center; width: 24.3167%;\" colspan=\"2\">51\u20ac<\/td>\n<\/tr>\n<tr style=\"background-color: #d1d1d1; height: 22px;\">\n<td style=\"height: 22px; vertical-align: middle; width: 78.6935%; text-align: right; background-color: #fa5705;\"><span style=\"color: #ffffff;\">Caution<\/span><\/td>\n<td style=\"height: 22px; vertical-align: middle; width: 24.3167%; background-color: #e0e0e0; text-align: center;\" colspan=\"2\">1000\u20ac<\/td>\n<\/tr>\n<tr style=\"background-color: #d1d1d1; height: 22px;\">\n<td style=\"height: 22px; vertical-align: middle; width: 78.6935%; text-align: right; background-color: #fa5705;\"><span style=\"color: #ffffff;\">Caution m\u00e9nage<\/span><\/td>\n<td style=\"height: 22px; vertical-align: middle; width: 24.3167%; background-color: #e0e0e0; text-align: center;\" colspan=\"2\">100\u20ac<\/td>\n<\/tr>\n<tr style=\"background-color: #d1d1d1;\">\n<td style=\"height: 22px; vertical-align: middle; width: 78.6935%; text-align: right; background-color: #fa5705;\"><span style=\"color: #ffffff;\">Casse\/perte vaisselle<\/span><\/td>\n<td style=\"height: 22px; width: 10.387%; background-color: #fa5705; vertical-align: middle; text-align: center;\"><\/td>\n<td style=\"width: 13.9297%; background-color: #fa5705; vertical-align: middle; height: 22px; text-align: center;\"><\/td>\n<\/tr>\n<tr style=\"height: 19px;\">\n<td style=\"vertical-align: middle; width: 78.6935%; text-align: right; background-color: #fa5705; height: 19px;\"><span style=\"color: #ffffff;\">Couvert<\/span><\/td>\n<td style=\"vertical-align: middle; width: 24.3167%; background-color: #e0e0e0; height: 19px; text-align: center;\" colspan=\"2\">1\u20ac<\/td>\n<\/tr>\n<tr style=\"height: 19px;\">\n<td style=\"vertical-align: middle; width: 78.6935%; text-align: right; background-color: #fa5705; height: 19px;\"><span style=\"color: #ffffff;\">Verre<\/span><\/td>\n<td style=\"vertical-align: middle; width: 24.3167%; background-color: #e0e0e0; height: 19px; text-align: center;\" colspan=\"2\">2\u20ac<\/td>\n<\/tr>\n<tr style=\"height: 19px;\">\n<td style=\"vertical-align: middle; width: 78.6935%; text-align: right; background-color: #fa5705; height: 19px;\"><span style=\"color: #ffffff;\">Limonadier\/carafe\/louche<\/span><\/td>\n<td style=\"vertical-align: middle; width: 24.3167%; background-color: #e0e0e0; height: 19px; text-align: center;\" colspan=\"2\">4\u20ac<\/td>\n<\/tr>\n<tr style=\"height: 19px;\">\n<td style=\"vertical-align: middle; width: 78.6935%; text-align: right; background-color: #fa5705; height: 19px;\"><span style=\"color: #ffffff;\">Assiette<\/span><\/td>\n<td style=\"vertical-align: middle; width: 24.3167%; background-color: #e0e0e0; height: 19px; text-align: center;\" colspan=\"2\">3\u20ac<\/td>\n<\/tr>\n<tr style=\"height: 19px;\">\n<td style=\"vertical-align: middle; width: 78.6935%; text-align: right; background-color: #fa5705; height: 19px;\"><span style=\"color: #ffffff;\">Table d\u00e9t\u00e9rior\u00e9e<\/span><\/td>\n<td style=\"vertical-align: middle; width: 24.3167%; background-color: #e0e0e0; height: 19px; text-align: center;\" colspan=\"2\">70\u20ac<\/td>\n<\/tr>\n<tr style=\"height: 19px;\">\n<td style=\"vertical-align: middle; width: 78.6935%; text-align: right; background-color: #fa5705; height: 19px;\"><span style=\"color: #ffffff;\">Chaise d\u00e9t\u00e9rior\u00e9e<\/span><\/td>\n<td style=\"vertical-align: middle; width: 24.3167%; background-color: #e0e0e0; height: 19px; text-align: center;\" colspan=\"2\">20\u20ac<\/td>\n<\/tr>\n<\/tbody>\n<\/table>\n<p>Les cl\u00e9s sont remises le vendredi apr\u00e8s-midi pour une utilisation \u00e0 partir du samedi matin jusqu\u2019au dimanche soir.<\/p>\n<p>Pour une utilisation d\u00e8s le vendredi apr\u00e8s-midi et\/ou le lundi matin, le tarif par demi-journ\u00e9e suppl\u00e9mentaire sera factur\u00e9 :<\/p>\n<ul>\n<li><span style=\"color: #fa5705;\"><strong>76\u20ac<\/strong><\/span> pour les habitants de Cruet pour usage priv\u00e9 (non commercial)<\/li>\n<li><span style=\"color: #fa5705;\"><strong>177\u20ac <\/strong><span style=\"color: #808080;\">(\u00e9t\u00e9)<\/span><strong> \/ 198\u20ac<\/strong><span style=\"color: #808080;\"> (hiver) <\/span><\/span>\u00a0pour les particuliers ou Associations hors commune<\/li>\n<\/ul>\n","protected":false},"excerpt":{"rendered":"<p>Notre salle des f\u00eates peut accueillir 180 personnes maximum, tables et chaises sont fournies. Elle dispose de deux cuisines \u00e9quip\u00e9es et d\u2019un bar. De la &hellip;<\/p>\n","protected":false},"author":2,"featured_media":0,"parent":0,"menu_order":0,"comment_status":"closed","ping_status":"closed","template":"","meta":{"footnotes":""},"class_list":["post-43","page","type-page","status-publish","hentry"],"_links":{"self":[{"href":"https:\/\/www.cruet.fr\/index.php?rest_route=\/wp\/v2\/pages\/43","targetHints":{"allow":["GET"]}}],"collection":[{"href":"https:\/\/www.cruet.fr\/index.php?rest_route=\/wp\/v2\/pages"}],"about":[{"href":"https:\/\/www.cruet.fr\/index.php?rest_route=\/wp\/v2\/types\/page"}],"author":[{"embeddable":true,"href":"https:\/\/www.cruet.fr\/index.php?rest_route=\/wp\/v2\/users\/2"}],"replies":[{"embeddable":true,"href":"https:\/\/www.cruet.fr\/index.php?rest_route=%2Fwp%2Fv2%2Fcomments&post=43"}],"version-history":[{"count":0,"href":"https:\/\/www.cruet.fr\/index.php?rest_route=\/wp\/v2\/pages\/43\/revisions"}],"wp:attachment":[{"href":"https:\/\/www.cruet.fr\/index.php?rest_route=%2Fwp%2Fv2%2Fmedia&parent=43"}],"curies":[{"name":"wp","href":"https:\/\/api.w.org\/{rel}","templated":true}]}}

Location de la salle des fêtes

<p style="text-align: left;">Notre salle des fêtes peut accueillir <strong>180 personnes <span style="text-decoration: underline;">maximum</span></strong>, tables et chaises sont fournies.</p>
<p style="text-align: left;">Elle dispose de deux cuisines équipées et d’un bar. De la vaisselle peut être louée, des parkings sont à proximité. Veuillez consulter le règlement pour plus de renseignements sur la description du matériel à disposition.</p>
<ul>
<li style="text-align: left;">Veuillez consulter <a href="https://www.cruet.fr/wp-content/uploads/Reglement_SDF.pdf" target="_blank" rel="noopener noreferrer">le règlement</a> pour la description du matériel.</li>
<li style="text-align: left;">Voir également le <a href="https://www.cruet.fr/wp-content/uploads/PlanSDF.jpg" target="_blank" rel="noopener noreferrer">plan</a> de la salle des fêtes.</li>
</ul>
<p><img loading="lazy" decoding="async" class="alignnone wp-image-1120 size-full" src="https://www.cruet.fr/wp-content/uploads/IMG_7312.jpg" alt="IMG_7312" width="533" height="349" srcset="https://www.cruet.fr/wp-content/uploads/IMG_7312.jpg 533w, https://www.cruet.fr/wp-content/uploads/IMG_7312-300x196.jpg 300w" sizes="auto, (max-width: 533px) 100vw, 533px" /></p>
<ul>
<li>Pour connaître les disponibilités de la salle, veuillez <a title="Nous contacter" href="https://www.cruet.fr/?page_id=571" target="_blank" rel="noopener noreferrer">contacter la mairie</a>.</li>
</ul>
<h2><span style="color: #ff6600;">Tarifs au 1er janvier 2026</span><strong><br />
</strong></h2>
<p><strong><span style="color: #ff6600;">Eté</span> </strong>: du 1er avril au 31 octobre<br />
<span style="color: #ff6600;"><strong>Hiver</strong> </span>: du 1er novembre au 31 mars</p>
<table class="tab" style="height: 309px; width: 99.4388%;" border="0" width="533" cellspacing="0" cellpadding="0">
<tbody>
<tr style="height: 19px;">
<td style="vertical-align: middle; width: 78.6935%; text-align: right; background-color: #fa5705; height: 19px;"><span style="color: #ffffff;"> </span></td>
<td style="vertical-align: middle; width: 10.387%; background-color: #e0e0e0; height: 19px; text-align: center;"><span style="color: #ff6600;"><strong>ETE</strong></span></td>
<td style="vertical-align: middle; width: 13.9297%; background-color: #e0e0e0; height: 19px; text-align: center;"><span style="color: #ff6600;"><strong>HIVER</strong></span></td>
</tr>
<tr style="background-color: #d1d1d1; height: 22px;">
<td style="height: 22px; vertical-align: middle; width: 78.6935%; text-align: right; background-color: #fa5705;"><span style="color: #ffffff;">Association déclarées à Cruet</span></td>
<td style="height: 22px; vertical-align: middle; width: 24.3167%; background-color: #e0e0e0; text-align: center;" colspan="2">Gratuit</td>
</tr>
<tr style="background-color: #d1d1d1; height: 22px;">
<td style="height: 22px; vertical-align: middle; width: 78.6935%; text-align: right; background-color: #fa5705;"><span style="color: #ffffff;">Habitants de Cruet pour usage privé (non commercial)</span></td>
<td style="height: 22px; vertical-align: middle; width: 10.387%; background-color: #e0e0e0; text-align: center;">  270€</td>
<td style="vertical-align: middle; width: 13.9297%; background-color: #e0e0e0; height: 22px; text-align: center;">291€</td>
</tr>
<tr style="background-color: #d1d1d1; height: 22px;">
<td style="height: 22px; vertical-align: middle; width: 78.6935%; text-align: right; background-color: #fa5705;"><span style="color: #ffffff;">Particuliers ou associations hors commune</span></td>
<td style="height: 22px; vertical-align: middle; width: 10.387%; background-color: #e0e0e0; text-align: center;">  727€</td>
<td style="vertical-align: middle; width: 13.9297%; background-color: #e0e0e0; height: 22px; text-align: center;">773€</td>
</tr>
<tr style="background-color: #d1d1d1; height: 22px;">
<td style="height: 22px; vertical-align: middle; width: 78.6935%; text-align: right; background-color: #fa5705;"><span style="color: #ffffff;">Réunions ou assemblées hors commune (sans restauration)</span></td>
<td style="height: 22px; vertical-align: middle; width: 10.387%; background-color: #e0e0e0; text-align: center;">  254€</td>
<td style="vertical-align: middle; width: 13.9297%; background-color: #e0e0e0; height: 22px; text-align: center;">276€</td>
</tr>
<tr>
<td style="vertical-align: middle; width: 78.6935%; text-align: right; background-color: #fa5705;"><span style="color: #ffffff;">Professionnels, particuliers, entreprises, associations hors commune pour usage commercial</span></td>
<td style="vertical-align: middle; background-color: #e0e0e0; text-align: center; width: 10.387%;">900€</td>
<td style="vertical-align: middle; background-color: #e0e0e0; text-align: center; width: 13.9297%;">1000€</td>
</tr>
<tr style="background-color: #d1d1d1; height: 22px;">
<td style="height: 22px; vertical-align: middle; width: 78.6935%; text-align: right; background-color: #fa5705;"><span style="color: #ffffff;">Location de vaisselle</span></td>
<td style="height: 22px; vertical-align: middle; background-color: #e0e0e0; text-align: center; width: 24.3167%;" colspan="2">51€</td>
</tr>
<tr style="background-color: #d1d1d1; height: 22px;">
<td style="height: 22px; vertical-align: middle; width: 78.6935%; text-align: right; background-color: #fa5705;"><span style="color: #ffffff;">Caution</span></td>
<td style="height: 22px; vertical-align: middle; width: 24.3167%; background-color: #e0e0e0; text-align: center;" colspan="2">1000€</td>
</tr>
<tr style="background-color: #d1d1d1; height: 22px;">
<td style="height: 22px; vertical-align: middle; width: 78.6935%; text-align: right; background-color: #fa5705;"><span style="color: #ffffff;">Caution ménage</span></td>
<td style="height: 22px; vertical-align: middle; width: 24.3167%; background-color: #e0e0e0; text-align: center;" colspan="2">100€</td>
</tr>
<tr style="background-color: #d1d1d1;">
<td style="height: 22px; vertical-align: middle; width: 78.6935%; text-align: right; background-color: #fa5705;"><span style="color: #ffffff;">Casse/perte vaisselle</span></td>
<td style="height: 22px; width: 10.387%; background-color: #fa5705; vertical-align: middle; text-align: center;"></td>
<td style="width: 13.9297%; background-color: #fa5705; vertical-align: middle; height: 22px; text-align: center;"></td>
</tr>
<tr style="height: 19px;">
<td style="vertical-align: middle; width: 78.6935%; text-align: right; background-color: #fa5705; height: 19px;"><span style="color: #ffffff;">Couvert</span></td>
<td style="vertical-align: middle; width: 24.3167%; background-color: #e0e0e0; height: 19px; text-align: center;" colspan="2">1€</td>
</tr>
<tr style="height: 19px;">
<td style="vertical-align: middle; width: 78.6935%; text-align: right; background-color: #fa5705; height: 19px;"><span style="color: #ffffff;">Verre</span></td>
<td style="vertical-align: middle; width: 24.3167%; background-color: #e0e0e0; height: 19px; text-align: center;" colspan="2">2€</td>
</tr>
<tr style="height: 19px;">
<td style="vertical-align: middle; width: 78.6935%; text-align: right; background-color: #fa5705; height: 19px;"><span style="color: #ffffff;">Limonadier/carafe/louche</span></td>
<td style="vertical-align: middle; width: 24.3167%; background-color: #e0e0e0; height: 19px; text-align: center;" colspan="2">4€</td>
</tr>
<tr style="height: 19px;">
<td style="vertical-align: middle; width: 78.6935%; text-align: right; background-color: #fa5705; height: 19px;"><span style="color: #ffffff;">Assiette</span></td>
<td style="vertical-align: middle; width: 24.3167%; background-color: #e0e0e0; height: 19px; text-align: center;" colspan="2">3€</td>
</tr>
<tr style="height: 19px;">
<td style="vertical-align: middle; width: 78.6935%; text-align: right; background-color: #fa5705; height: 19px;"><span style="color: #ffffff;">Table détériorée</span></td>
<td style="vertical-align: middle; width: 24.3167%; background-color: #e0e0e0; height: 19px; text-align: center;" colspan="2">70€</td>
</tr>
<tr style="height: 19px;">
<td style="vertical-align: middle; width: 78.6935%; text-align: right; background-color: #fa5705; height: 19px;"><span style="color: #ffffff;">Chaise détériorée</span></td>
<td style="vertical-align: middle; width: 24.3167%; background-color: #e0e0e0; height: 19px; text-align: center;" colspan="2">20€</td>
</tr>
</tbody>
</table>
<p>Les clés sont remises le vendredi après-midi pour une utilisation à partir du samedi matin jusqu’au dimanche soir.</p>
<p>Pour une utilisation dès le vendredi après-midi et/ou le lundi matin, le tarif par demi-journée supplémentaire sera facturé :</p>
<ul>
<li><span style="color: #fa5705;"><strong>76€</strong></span> pour les habitants de Cruet pour usage privé (non commercial)</li>
<li><span style="color: #fa5705;"><strong>177€ </strong><span style="color: #808080;">(été)</span><strong> / 198€</strong><span style="color: #808080;"> (hiver) </span></span> pour les particuliers ou Associations hors commune</li>
</ul>

<p>Notre salle des fêtes peut accueillir 180 personnes maximum, tables et chaises sont fournies. Elle dispose de deux cuisines équipées et d’un bar. De la &hellip;</p>
