{"id":45,"date":"2014-09-12T14:26:40","date_gmt":"2014-09-12T13:26:40","guid":{"rendered":"http:\/\/www.cruet.fr\/?page_id=45"},"modified":"2022-01-21T16:11:55","modified_gmt":"2022-01-21T15:11:55","slug":"savoir-vivre","status":"publish","type":"page","link":"https:\/\/www.cruet.fr\/?page_id=45","title":{"rendered":"Savoir vivre"},"content":{"rendered":"<p style=\"text-align: left;\">Pour que notre village reste un endroit o\u00f9 il fait bon vivre, il est n\u00e9cessaire que chacun participe au maintien de la qualit\u00e9 de notre cadre de vie. Les r\u00e8gles de savoir-vivre s\u2019accompagnent de quelques rappels de recommandations.<\/p>\n<h2 style=\"text-align: left;\"><span style=\"color: #ff6600;\">Usage des \u00ab engins bruyants \u00bb<\/span><\/h2>\n<p style=\"text-align: left;\">L\u2019utilisation d\u2019appareils bruyants pour le bricolage ou le jardinage (perceuses, tron\u00e7onneuses, tondeuses,..) n\u2019est autoris\u00e9e qu\u2019aux horaires suivants selon l\u2019arr\u00eat\u00e9 du 9\/01\/97 portant r\u00e9glementation sur les bruits de voisinage dans le d\u00e9partement de la Savoie (art.9) :<\/p>\n<ul style=\"text-align: left;\">\n<li><span style=\"color: #ff6600;\">les jours ouvrables de 8h30 \u00e0 12h et de 14h \u00e0 19h30<\/span><\/li>\n<li><span style=\"color: #ff6600;\">le samedi de 9h \u00e0 12h et de 15h \u00e0 19h<\/span><\/li>\n<li><span style=\"color: #ff6600;\">le dimanche et jour f\u00e9ri\u00e9 de 10h \u00e0 12h<\/span><\/li>\n<\/ul>\n<h2 style=\"text-align: left;\"><span style=\"color: #ff6600;\">Divagation des animaux<\/span><\/h2>\n<p style=\"text-align: left;\">Il est interdit de laisser divaguer les animaux (article 4 de l\u2019arr\u00eat\u00e9 pr\u00e9fectoral du 4\/09\/2001). Est consid\u00e9r\u00e9 comme en \u00e9tat de divagation tout chien qui n\u2019est plus sous la surveillance effective de son ma\u00eetre, hors de port\u00e9e de voix de celui-ci, \u00e9loign\u00e9 de son propri\u00e9taire de plus de 100 m.<\/p>\n<p style=\"text-align: left;\">Tout chien abandonn\u00e9, livr\u00e9 \u00e0 son seul instinct, est en \u00e9tat de divagation (22\u20ac d\u2019amende). Consultez \u00e9galement la r\u00e9glementation sur la d\u00e9tention de chiens d\u2019attaque et de garde (rubrique La Mairie).<\/p>\n<h2 style=\"text-align: left;\"><span style=\"color: #ff6600;\">Divers<\/span><\/h2>\n<p style=\"text-align: left;\">Plusieurs plaintes ont \u00e9t\u00e9 d\u00e9pos\u00e9es en Mairie au sujet de nuisances dues \u00e0 des feux de jardin, au bruit, aux chiens errants et \u00e0 leurs d\u00e9jections de plus en plus nombreuses sur la voirie.<\/p>\n<p>Nous appelons chacun \u00e0 faire des efforts et rappelons que :<\/p>\n<ul>\n<li><span style=\"color: #000000;\">Le br\u00fblage \u00e0 l\u2019air libre des ordures m\u00e9nag\u00e8res et des d\u00e9chets verts est interdit (article 84 du r\u00e8glement sanitaire d\u00e9partemental), \u00e0 cause des risques pour la sant\u00e9 et la pollution de l\u2019air. Les d\u00e9chets verts peuvent \u00eatre apport\u00e9s \u00e0 la d\u00e9chetterie ou compost\u00e9s,<\/span><\/li>\n<li><span style=\"color: #000000;\">Les moteurs d\u00e9brid\u00e9s de motos et leurs all\u00e9es et venues intempestives sont une g\u00eane et un danger pour tous. Les propri\u00e9taires de ces engins doivent mettre leur \u00e9quipement en conformit\u00e9 notamment en ce qui concerne leur niveau sonore, et respecter les propri\u00e9t\u00e9s priv\u00e9es et les espaces publics,<\/span><\/li>\n<li><span style=\"color: #000000;\">Pensez aux voisins lorsque vous faites des feux de jardin.<\/span><\/li>\n<\/ul>\n<blockquote><p><span style=\"color: #ff6600;\">ET TOUJOURS, POUR LA SECURITE DE CHACUN, TOUS LES AM\u00c9NAGEMENTS MAT\u00c9RIELS NE VAUDRONT JAMAIS NOTRE COMPORTEMENT CIVIQUE ET LA MAITRISE DE NOTRE PROPRE V\u00c9HICULE : <strong>PENSONS \u00c0 ROULER LENTEMENT !<\/strong><\/span><\/p><\/blockquote>\n","protected":false},"excerpt":{"rendered":"<p>Pour que notre village reste un endroit o\u00f9 il fait bon vivre, il est n\u00e9cessaire que chacun participe au maintien de la qualit\u00e9 de notre &hellip;<\/p>\n","protected":false},"author":2,"featured_media":0,"parent":0,"menu_order":0,"comment_status":"closed","ping_status":"closed","template":"","meta":{"footnotes":""},"class_list":["post-45","page","type-page","status-publish","hentry"],"_links":{"self":[{"href":"https:\/\/www.cruet.fr\/index.php?rest_route=\/wp\/v2\/pages\/45","targetHints":{"allow":["GET"]}}],"collection":[{"href":"https:\/\/www.cruet.fr\/index.php?rest_route=\/wp\/v2\/pages"}],"about":[{"href":"https:\/\/www.cruet.fr\/index.php?rest_route=\/wp\/v2\/types\/page"}],"author":[{"embeddable":true,"href":"https:\/\/www.cruet.fr\/index.php?rest_route=\/wp\/v2\/users\/2"}],"replies":[{"embeddable":true,"href":"https:\/\/www.cruet.fr\/index.php?rest_route=%2Fwp%2Fv2%2Fcomments&post=45"}],"version-history":[{"count":0,"href":"https:\/\/www.cruet.fr\/index.php?rest_route=\/wp\/v2\/pages\/45\/revisions"}],"wp:attachment":[{"href":"https:\/\/www.cruet.fr\/index.php?rest_route=%2Fwp%2Fv2%2Fmedia&parent=45"}],"curies":[{"name":"wp","href":"https:\/\/api.w.org\/{rel}","templated":true}]}}