{"id":47,"date":"2014-09-12T14:26:56","date_gmt":"2014-09-12T13:26:56","guid":{"rendered":"http:\/\/www.cruet.fr\/?page_id=47"},"modified":"2022-04-05T09:26:27","modified_gmt":"2022-04-05T07:26:27","slug":"environnement","status":"publish","type":"page","link":"https:\/\/www.cruet.fr\/?page_id=47","title":{"rendered":"L&rsquo;environnement"},"content":{"rendered":"<h2 style=\"text-align: justify;\"><span style=\"color: #ff6600;\">Les services de la Communaut\u00e9 de communes<\/span><\/h2>\n<p><a href=\"https:\/\/www.coeurdesavoie.fr\/4023-assainissement.htm\" target=\"_blank\" rel=\"noopener\">Assainissement<\/a><br \/>\n<a href=\"https:\/\/www.coeurdesavoie.fr\/4029-dechets.htm\" target=\"_blank\" rel=\"noopener\">D\u00e9chets<\/a><\/p>\n<h2 style=\"text-align: justify;\"><span style=\"color: #ff6600;\">Ordures m\u00e9nag\u00e8res<\/span><\/h2>\n<ul>\n<li><span style=\"color: #fa5705;\">Ramassage le mardi matin (sortir votre poubelle lundi soir)<\/span><\/li>\n<\/ul>\n<p style=\"text-align: left;\">Merci d&rsquo;utiliser des poubelles ferm\u00e9es fournies par la communaut\u00e9 de communes et signaler tout changement de composition de votre foyer afin d&rsquo;ajuster la taille du conteneur.<\/p>\n<h2><span style=\"color: #ff6600;\">Recyclage<\/span><\/h2>\n<p style=\"text-align: left;\">L\u2019\u00e9cole maternelle et primaire, labellis\u00e9e par la distinction europ\u00e9enne \u00ab\u00a0Eco \u00e9cole\u00a0\u00bb pour son travail de concertation men\u00e9 en faveur de l&rsquo;\u00e9cologie, est point de collecte pour les cartouches d\u2019encre usag\u00e9es, les t\u00e9l\u00e9phones portables hors service, les piles, les bouchons en plastique.<\/p>\n<p style=\"text-align: left;\">Pensez que vous avez des petits voisins scolaris\u00e9s \u00e0 l&rsquo;\u00e9cole qui se feraient une joie d&rsquo;apporter vos objets au recyclage pour vous !<\/p>\n<h2><span style=\"color: #ff6600;\">Tri s\u00e9lectif<\/span><\/h2>\n<table style=\"width: 533px;\">\n<tbody>\n<tr>\n<td style=\"vertical-align: top;\"><img fetchpriority=\"high\" decoding=\"async\" class=\"alignnone wp-image-848 size-full\" src=\"https:\/\/www.cruet.fr\/wp-content\/uploads\/Recyclage.jpg\" alt=\"Recyclage aux Celli\u00e8res\" width=\"300\" height=\"225\" \/><\/td>\n<td style=\"vertical-align: middle;\"><\/td>\n<td style=\"vertical-align: bottom;\">3 points d&rsquo;apport volontaire (papier, verre et plastique) sont \u00e0 votre disposition :<\/p>\n<ul>\n<li><span style=\"color: #fa5705;\">\u00e0 la Chapelle<\/span><\/li>\n<li><span style=\"color: #fa5705;\">aux Celli\u00e8res<\/span><\/li>\n<li><span style=\"color: #fa5705;\">\u00e0 la Baraterie<\/span><\/li>\n<\/ul>\n<p style=\"text-align: justify;\">\n<\/td>\n<\/tr>\n<\/tbody>\n<\/table>\n<p style=\"text-align: left;\">Pour transporter vos d\u00e9chets tri\u00e9s, il est possible de venir en Mairie retirer gratuitement un sac de tri s\u00e9lectif de la Communaut\u00e9 de Communes. Merci de ne pas encombrer les poubelles qui se trouvent \u00e0 proximit\u00e9 de bennes de tri avec les d\u00e9chets m\u00e9nagers.<\/p>\n<p style=\"text-align: left;\">L\u2019\u00e9cole s\u2019est lanc\u00e9e dans une d\u00e9marche \u00e9cologique : vous pouvez d\u00e9poser \u00e0 l\u2019\u00e9cole (ou les faire d\u00e9poser par un \u00e9l\u00e8ve scolaris\u00e9) les cartouches d\u2019encre, les t\u00e9l\u00e9phones portables usag\u00e9s et les bouchons plastiques.<\/p>\n<p><img decoding=\"async\" class=\"alignnone wp-image-846 size-full\" src=\"https:\/\/www.cruet.fr\/wp-content\/uploads\/ErreursTriFlux.jpg\" alt=\"ErreursTriFlux\" width=\"400\" height=\"450\" srcset=\"https:\/\/www.cruet.fr\/wp-content\/uploads\/ErreursTriFlux.jpg 400w, https:\/\/www.cruet.fr\/wp-content\/uploads\/ErreursTriFlux-266x300.jpg 266w\" sizes=\"(max-width: 400px) 100vw, 400px\" \/><\/p>\n<h2><span style=\"color: #ff6600;\">Collecte des encombrants<\/span><\/h2>\n<p style=\"text-align: left;\">Le premier mercredi de chaque mois, ramassage des <strong>gros encombrants<\/strong> (type cuisini\u00e8re, machine \u00e0 laver\u2026) par la commune. <a title=\"Nous contacter\" href=\"https:\/\/www.cruet.fr\/?page_id=571\">S\u2019inscrire en mairie<\/a>.<\/p>\n<p style=\"text-align: left;\">\u00ab\u00a0Rien ne se cr\u00e9e, rien ne se perd&#8230; tout se recycle&#8230;\u00a0\u00bb : site internet gratuit pour donner des objets <a href=\"http:\/\/donnons.org\/\" target=\"_blank\" rel=\"noopener noreferrer\">http:\/\/donnons.org\/<\/a><\/p>\n<h2 style=\"text-align: left;\"><span style=\"color: #ff6600;\">Station d&rsquo;\u00e9puration<\/span><\/h2>\n<p style=\"text-align: left;\">C\u2019est une belle aventure du conseil municipal qui s\u2019est concr\u00e9tis\u00e9 en 2006 : la commune est \u00e9quip\u00e9e d\u2019une station d\u2019\u00e9puration \u00e0 macrophytes. Cette station a une capacit\u00e9 de 700 \u00e9quivalents habitants, compl\u00e9t\u00e9e par une station biologique \u00e0 porphyres. L&rsquo;ancienne station d\u2019\u00e9puration de type lit bact\u00e9rien forte charge de 600 Equivalents Habitants datant de 1992 pr\u00e9sentait en effet une saturation.<\/p>\n<p style=\"text-align: left;\">Depuis la mise en service de la nouvelle unit\u00e9 les rendements sont devenus excellents.<\/p>\n<p style=\"text-align: left;\">Les avantages par rapport au lagunage, aux disques biologiques, au d\u00e9canteur digesteur, \u00e0 l\u2019\u00e9pandage sont que cette station pr\u00e9sente moins de colmatage gr\u00e2ce au syst\u00e8me racinaire et aux mouvements des tiges. Il peut \u00eatre n\u00e9cessaire de vidanger les boues au tractopelle, sans cons\u00e9quence sur l\u2019efficacit\u00e9 ou la repousse des roseaux en moins de 2 mois, et les boues sont valoris\u00e9es en agriculture.<\/p>\n<p style=\"text-align: left;\"><img decoding=\"async\" class=\"alignnone wp-image-849\" src=\"https:\/\/www.cruet.fr\/wp-content\/uploads\/Station.jpg\" alt=\"Station d'\u00e9puration\" width=\"533\" height=\"301\" srcset=\"https:\/\/www.cruet.fr\/wp-content\/uploads\/Station.jpg 594w, https:\/\/www.cruet.fr\/wp-content\/uploads\/Station-300x169.jpg 300w\" sizes=\"(max-width: 533px) 100vw, 533px\" \/><\/p>\n","protected":false},"excerpt":{"rendered":"<p>Les services de la Communaut\u00e9 de communes Assainissement D\u00e9chets Ordures m\u00e9nag\u00e8res Ramassage le mardi matin (sortir votre poubelle lundi soir) Merci d&rsquo;utiliser des poubelles ferm\u00e9es &hellip;<\/p>\n","protected":false},"author":2,"featured_media":0,"parent":0,"menu_order":0,"comment_status":"closed","ping_status":"closed","template":"","meta":{"footnotes":""},"class_list":["post-47","page","type-page","status-publish","hentry"],"_links":{"self":[{"href":"https:\/\/www.cruet.fr\/index.php?rest_route=\/wp\/v2\/pages\/47","targetHints":{"allow":["GET"]}}],"collection":[{"href":"https:\/\/www.cruet.fr\/index.php?rest_route=\/wp\/v2\/pages"}],"about":[{"href":"https:\/\/www.cruet.fr\/index.php?rest_route=\/wp\/v2\/types\/page"}],"author":[{"embeddable":true,"href":"https:\/\/www.cruet.fr\/index.php?rest_route=\/wp\/v2\/users\/2"}],"replies":[{"embeddable":true,"href":"https:\/\/www.cruet.fr\/index.php?rest_route=%2Fwp%2Fv2%2Fcomments&post=47"}],"version-history":[{"count":0,"href":"https:\/\/www.cruet.fr\/index.php?rest_route=\/wp\/v2\/pages\/47\/revisions"}],"wp:attachment":[{"href":"https:\/\/www.cruet.fr\/index.php?rest_route=%2Fwp%2Fv2%2Fmedia&parent=47"}],"curies":[{"name":"wp","href":"https:\/\/api.w.org\/{rel}","templated":true}]}}