{"id":5132,"date":"2024-06-19T16:50:04","date_gmt":"2024-06-19T14:50:04","guid":{"rendered":"http:\/\/www.cruet.fr\/?page_id=5132"},"modified":"2024-06-19T17:07:19","modified_gmt":"2024-06-19T15:07:19","slug":"sante-et-environnement","status":"publish","type":"page","link":"https:\/\/www.cruet.fr\/?page_id=5132","title":{"rendered":"Sant\u00e9 et environnement"},"content":{"rendered":"\n\n\n<h2><span style=\"color: #ff6600;\">Les esp\u00e8ces \u00e0 enjeu pour la sant\u00e9 humaine<\/span><\/h2>\n<p style=\"text-align: justify;\">L\u2019Observatoire des Esp\u00e8ces \u00e0 Enjeux pour la Sant\u00e9 Humaine (OEESH) est un centre national de ressources sur les esp\u00e8ces (plantes, insectes, animaux, etc) repr\u00e9sentant un risque pour la sant\u00e9 humaine <span style=\"color: #ff6600;\"><a style=\"color: #ff6600;\" href=\"https:\/\/especes-risque-sante.info\/\" target=\"_blank\" rel=\"noopener\">especes-risque-sante.info<\/a><\/span>. Il a \u00e9t\u00e9 mis en place en juin 2021 par le Minist\u00e8re charg\u00e9 de la Sant\u00e9, en partenariat avec les minist\u00e8res charg\u00e9s de l\u2019agriculture et de l\u2019\u00e9cologie et le minist\u00e8re de l\u2019Int\u00e9rieur, pour coordonner les actions de pr\u00e9vention et de lutte contre ces esp\u00e8ces. Le syndicat professionnel \u00e0 but non lucratif FREDON France assure le pilotage et l\u2019animation de l\u2019Observatoire.<\/p>\n<h4>Les Tiques<\/h4>\n<p style=\"text-align: justify;\"><img fetchpriority=\"high\" decoding=\"async\" class=\"alignnone wp-image-5140 size-large\" src=\"https:\/\/www.cruet.fr\/wp-content\/uploads\/stades_tiques_papier_millimetre-1024x536.webp\" alt=\"\" width=\"726\" height=\"380\" srcset=\"https:\/\/www.cruet.fr\/wp-content\/uploads\/stades_tiques_papier_millimetre-1024x536.webp 1024w, https:\/\/www.cruet.fr\/wp-content\/uploads\/stades_tiques_papier_millimetre-300x157.webp 300w, https:\/\/www.cruet.fr\/wp-content\/uploads\/stades_tiques_papier_millimetre-768x402.webp 768w, https:\/\/www.cruet.fr\/wp-content\/uploads\/stades_tiques_papier_millimetre-402x210.webp 402w, https:\/\/www.cruet.fr\/wp-content\/uploads\/stades_tiques_papier_millimetre.webp 1536w\" sizes=\"(max-width: 726px) 100vw, 726px\" \/><br \/>Il y a environ quarante esp\u00e8ces de tiques en Europe mais seules quelques unes piquent l\u2019homme. Les tiques Ixodes ricinus (celles qui transmettent la maladie de Lyme) sont les plus r\u00e9pandues, partout en France, en dessous de 1 800 m d\u2019altitude. Elles vivent dans des zones bois\u00e9es et humides, les herbes hautes des prairies, les jardins et les parcs forestiers ou urbains. Leurs pics d\u2019activit\u00e9 ont lieu du printemps \u00e0 l\u2019automne : \u00e0 chaque stade de d\u00e9veloppement, la tique doit prendre un repas de sang au cours duquel elle reste accroch\u00e9e \u00e0 son h\u00f4te et peut lui transmettre des maladie. Pour se prot\u00e9ger de la morsure de ces acariens, mieux vaut \u00e9viter les broussailles et porter des v\u00eatements longs et inspecter son corps apr\u00e8s une sortie en nature pour enlever rapidement \u00e0 l&rsquo;aide d&rsquo;un tire-tique une \u00e9ventuelle pr\u00e9sence : dans ce cas, surveillez l&rsquo;\u00e9volution de la zone de morsure et consulter un m\u00e9decin si besoin.<\/p>\n<p style=\"text-align: justify;\">Retrouvez de nombreuses informations sur le site <span style=\"color: #ff6600;\">www.citique.fr<\/span> et signalez vos piq\u00fbres de tiques depuis votre smartphone, votre ordinateur ou sur papier\u2026 Envoyez la ou les tiques piqueuses\u2026et faites avancer la science avec CiTIQUE !!!<\/p>\n<h4>Le moustique tigre<\/h4>\n<p style=\"text-align: justify;\"><img decoding=\"async\" class=\"alignnone wp-image-5136 size-large\" src=\"https:\/\/www.cruet.fr\/wp-content\/uploads\/moustique-tigre-1024x552.png\" alt=\"\" width=\"726\" height=\"391\" srcset=\"https:\/\/www.cruet.fr\/wp-content\/uploads\/moustique-tigre-1024x552.png 1024w, https:\/\/www.cruet.fr\/wp-content\/uploads\/moustique-tigre-300x162.png 300w, https:\/\/www.cruet.fr\/wp-content\/uploads\/moustique-tigre-768x414.png 768w, https:\/\/www.cruet.fr\/wp-content\/uploads\/moustique-tigre-402x217.png 402w, https:\/\/www.cruet.fr\/wp-content\/uploads\/moustique-tigre.png 1078w\" sizes=\"(max-width: 726px) 100vw, 726px\" \/><br \/>Originaire des for\u00eats tropicales d\u2019Asie du Sud-Est, le moustique tigre Aedes albopictus s\u2019est adapt\u00e9 \u00e0 divers environnements et est tr\u00e8s pr\u00e9sent sur notre secteur. Le moustique tigre est tr\u00e8s facile \u00e0 identifier gr\u00e2ce \u00e0 ses rayures noires et blanches pr\u00e9sentes sur le corps et sur les pattes qui lui donnent un aspect tr\u00e8s contrast\u00e9. Il est \u00e9galement appel\u00e9 Aedes albopictus et peut, dans certaines conditions bien particuli\u00e8res, transmettre la dengue ou le chikungunya. C\u2019est un moustique de petite taille (plus petite qu\u2019une pi\u00e8ce d\u2019un centime d\u2019euro) ne d\u00e9passant pas 1 cm d\u2019envergure. La vie d\u2019un moustique se d\u00e9roule sous quatre formes distinctes : l\u2019\u0153uf, la larve, la nymphe et l\u2019adulte. L\u2019\u0153uf du moustique tigre doit \u00eatre mis en eau pour \u00e9clore et donner naissance \u00e0 une larve. Donc priv\u00e9 d\u2019acc\u00e8s \u00e0 l\u2019eau, le moustique tigre ne se reproduit pas ! Donc pour \u00e9viter la prolif\u00e9ration de cette esp\u00e8ce (et la nuisance due \u00e0 ses nombreuses piqures en pleine journ\u00e9e) :<\/p>\n<ul style=\"text-align: justify;\">\n<li>Coupelles sous les pots de fleurs, vases : videz-les r\u00e9guli\u00e8rement (au moins une fois par semaine) ou supprimez-lez ou remplissez les de sable<\/li>\n<li>Seaux, mat\u00e9riel de jardin, r\u00e9cipients divers : videz-les puis retournez-les, ou mettez-les \u00e0 l\u2019abri de la pluie (v\u00e9rifier tout jouet d&rsquo;enfant trainant dehors, brouette, pneus..).<\/li>\n<li>Bidons de r\u00e9cup\u00e9ration d\u2019eau : recouvrez-les \u00e0 l\u2019aide d\u2019un filet moustiquaire ou de tissu, en vous assurant que les moustiques ne pourront pas acc\u00e9der \u00e0 l\u2019eau, faites de m\u00eame avec les avaloirs de pluvial en bas des tuyaux de goutti\u00e8re.<\/li>\n<\/ul>\n<p style=\"text-align: justify;\">Retrouvez de nombreuses informations sur le site d\u00e9di\u00e9 <span style=\"color: #ff6600;\">agirmoustique.fr<\/span> et participez \u00e0 son signalement. La commune de Cruet faisant partie de l&rsquo;entente interd\u00e9partementale de d\u00e9moustication, vous pouvez b\u00e9n\u00e9ficier d&rsquo;un accompagnement personnalis\u00e9 gratuit : inscrivez vous sur le site internet<span style=\"color: #ff6600;\"><a style=\"color: #ff6600;\" href=\"https:\/\/www.eid-rhonealpes.com\/contact-demande-diagnostic\" target=\"_blank\" rel=\"noopener\"> https:\/\/www.eid-rhonealpes.com\/contact-demande-diagnostic<\/a><\/span> et mobilisez vos voisins lors de ce rendez-vous de terrain.<\/p>\n<h4>Les Chenilles processionnaires<\/h4>\n<p><span style=\"color: #ff6600;\"><strong>\u00ab\u00a0POILS URTICANTS : QUI S\u2019Y FROTTE S\u2019Y PIQUE !\u00a0\u00bb<\/strong><\/span><\/p>\n<p><img decoding=\"async\" class=\"alignnone wp-image-5138 size-large\" src=\"https:\/\/www.cruet.fr\/wp-content\/uploads\/cycle_de_la_chenille_processionnaire_4239_1_orig-1024x683.jpg\" alt=\"\" width=\"726\" height=\"484\" srcset=\"https:\/\/www.cruet.fr\/wp-content\/uploads\/cycle_de_la_chenille_processionnaire_4239_1_orig-1024x683.jpg 1024w, https:\/\/www.cruet.fr\/wp-content\/uploads\/cycle_de_la_chenille_processionnaire_4239_1_orig-300x200.jpg 300w, https:\/\/www.cruet.fr\/wp-content\/uploads\/cycle_de_la_chenille_processionnaire_4239_1_orig-768x512.jpg 768w, https:\/\/www.cruet.fr\/wp-content\/uploads\/cycle_de_la_chenille_processionnaire_4239_1_orig-402x268.jpg 402w, https:\/\/www.cruet.fr\/wp-content\/uploads\/cycle_de_la_chenille_processionnaire_4239_1_orig.jpg 1200w\" sizes=\"(max-width: 726px) 100vw, 726px\" \/><br \/>Elles se d\u00e9placent en procession de f\u00e9vrier \u00e0 mai, elles sont couvertes de soies urticantes, mais ne pas les confondre avec d&rsquo;autres chenilles non urticantes (voir le site d\u00e9di\u00e9 chenille-risque.info). Le contact avec ces chenilles peut avoir un impact sur la sant\u00e9 humaine et animale. Elles tissent des nids communautaires \u00e0 l\u2019extr\u00e9mit\u00e9 des branches de pins. Ces nids, m\u00eame vides, contiennent des soies urticantes. La nuit, elles se d\u00e9placent en processions le long du tronc pour se nourrir des aiguilles. Au printemps, elles descendent le long du tronc et sur le sol pour chercher un lieu de nymphose (dans le sol)&#8230; Des informations sont disponibles sur le site d\u00e9di\u00e9 chenille-risque.info dont un recueil des m\u00e9thodes de lutte dont des pi\u00e8ges \u00e0 collier \u00e0 installer au printemps, des gites \u00e0 chauve souris (<span style=\"color: #ff6600;\"><a style=\"color: #ff6600;\" href=\"https:\/\/www.lamesangeverte.com\/fr\/gite-a-chauves-souris-contre-la-chenille-processionnaire-du-pin-et-pyrale-du-buis\" target=\"_blank\" rel=\"noopener\">https:\/\/www.lamesangeverte.com\/fr\/gite-a-chauves-souris-contre-la-chenille-processionnaire-du-pin-et-pyrale-du-buis<\/a><\/span>) , des nichoirs \u00e0 huppes fasci\u00e9es qui sont pr\u00e9datrices de chrysalides de Processionnaires du pin qui se trouvent dans le sol, des nichoirs \u00e0 m\u00e9sange charbonni\u00e8re (8 \u00e0 20 par hectare, nichoirs en bois non traite avec un orifice de 32 mm sont utilises. Des tailles d\u2019ouverture de nichoirs, plus petites, peuvent etre utilisees pour favoriser la colonisation par d\u2019autres especes de mesange) qui se nourissent de larves \u00e2g\u00e9es.<\/p>\n<h2>L&rsquo;ambroisie : tous concern\u00e9s !<\/h2>\n<p><img loading=\"lazy\" decoding=\"async\" class=\"alignnone wp-image-5139 size-full\" src=\"https:\/\/www.cruet.fr\/wp-content\/uploads\/Ambroisie-en-fleur-563x1024-1.jpg\" alt=\"\" width=\"563\" height=\"1024\" srcset=\"https:\/\/www.cruet.fr\/wp-content\/uploads\/Ambroisie-en-fleur-563x1024-1.jpg 563w, https:\/\/www.cruet.fr\/wp-content\/uploads\/Ambroisie-en-fleur-563x1024-1-165x300.jpg 165w\" sizes=\"(max-width: 563px) 100vw, 563px\" \/><\/p>\n<p style=\"text-align: justify;\">Cette plante exotique envahissante a un tel pouvoir allerg\u00e8ne que toute personne peut devenir allergique, m\u00eame sans pr\u00e9disposition, \u00e0 tout moment de sa vie, en respirant des pollens (p\u00e9riode \u00e0 risques d&rsquo;ao\u00fbt \u00e0 octobre). Pour tout renseignement compl\u00e9mentaire (dont des modules d&rsquo;autoformation en ligne) consulter le portail d&rsquo;information <span style=\"color: #ff6600;\"><a style=\"color: #ff6600;\" href=\"https:\/\/ambroisie.fredon-aura.fr\" target=\"_blank\" rel=\"noopener\">https:\/\/ambroisie.fredon-aura.fr<\/a><\/span>\u00a0et surtout penser \u00e0 utiliser la plateforme de signalement nationale (m\u00eame en vacances, en d\u00e9placement&#8230; partout en France) signalement-ambroisie.atlasante.fr (application smartphone gratuite).<\/p>\n<h2 style=\"text-align: justify;\">Le frelon asiatique<\/h2>\n<p style=\"text-align: justify;\"><img loading=\"lazy\" decoding=\"async\" class=\"alignnone size-medium wp-image-5137\" src=\"https:\/\/www.cruet.fr\/wp-content\/uploads\/frelon-asiatique-300x248.png\" alt=\"\" width=\"300\" height=\"248\" srcset=\"https:\/\/www.cruet.fr\/wp-content\/uploads\/frelon-asiatique-300x248.png 300w, https:\/\/www.cruet.fr\/wp-content\/uploads\/frelon-asiatique-362x300.png 362w, https:\/\/www.cruet.fr\/wp-content\/uploads\/frelon-asiatique.png 749w\" sizes=\"(max-width: 300px) 100vw, 300px\" \/><br \/>Le frelon asiatique est aujourd&rsquo;hui pr\u00e9sent sur toute la r\u00e9gion Auvergne-Rhone-Alpes. Le frelon asiatique, Vespa velutina, est souvent confondu avec le frelon europ\u00e9en, Vespa crabro, ce dernier est plus gros et plus jaune. La commune de Cruet et des b\u00e9n\u00e9voles ont rejoint le r\u00e9seau de pi\u00e9geage de fondatrices du GDS apicole lanc\u00e9 au printemps 2024 : d\u00e9j\u00e0 plusieurs dizaines ont \u00e9t\u00e9 captur\u00e9es, soit autant de colonies potentielles en moins. Pour tout renseignement et notamment signaler une pr\u00e9sence (photo indispensable) consulter le site <span style=\"color: #ff6600;\">www.frelonsasiatiques.fr<\/span><\/p>\n","protected":false},"excerpt":{"rendered":"<p>Les esp\u00e8ces \u00e0 enjeu pour la sant\u00e9 humaine L\u2019Observatoire des Esp\u00e8ces \u00e0 Enjeux pour la Sant\u00e9 Humaine (OEESH) est un centre national de ressources sur &hellip;<\/p>\n","protected":false},"author":2,"featured_media":0,"parent":0,"menu_order":0,"comment_status":"closed","ping_status":"closed","template":"","meta":{"footnotes":""},"class_list":["post-5132","page","type-page","status-publish","hentry"],"_links":{"self":[{"href":"https:\/\/www.cruet.fr\/index.php?rest_route=\/wp\/v2\/pages\/5132","targetHints":{"allow":["GET"]}}],"collection":[{"href":"https:\/\/www.cruet.fr\/index.php?rest_route=\/wp\/v2\/pages"}],"about":[{"href":"https:\/\/www.cruet.fr\/index.php?rest_route=\/wp\/v2\/types\/page"}],"author":[{"embeddable":true,"href":"https:\/\/www.cruet.fr\/index.php?rest_route=\/wp\/v2\/users\/2"}],"replies":[{"embeddable":true,"href":"https:\/\/www.cruet.fr\/index.php?rest_route=%2Fwp%2Fv2%2Fcomments&post=5132"}],"version-history":[{"count":0,"href":"https:\/\/www.cruet.fr\/index.php?rest_route=\/wp\/v2\/pages\/5132\/revisions"}],"wp:attachment":[{"href":"https:\/\/www.cruet.fr\/index.php?rest_route=%2Fwp%2Fv2%2Fmedia&parent=5132"}],"curies":[{"name":"wp","href":"https:\/\/api.w.org\/{rel}","templated":true}]}}