{"id":63,"date":"2014-09-12T14:30:16","date_gmt":"2014-09-12T13:30:16","guid":{"rendered":"http:\/\/www.cruet.fr\/?page_id=63"},"modified":"2025-05-12T15:50:25","modified_gmt":"2025-05-12T13:50:25","slug":"culture","status":"publish","type":"page","link":"https:\/\/www.cruet.fr\/?page_id=63","title":{"rendered":"Liste des associations"},"content":{"rendered":"<p>La vie sociale \u00e0 Cruet ne serait pas si agr\u00e9able sans tous ces b\u00e9n\u00e9voles qui renouvellent chaque ann\u00e9e les activit\u00e9s propos\u00e9es par les diff\u00e9rentes associations et proposent des animations tout au long des saisons.<\/p>\n<p>Nous vous proposons une br\u00e8ve liste de ces acteurs locauxet vous pouvez t\u00e9l\u00e9charger ou imprimer la <a href=\"https:\/\/www.cruet.fr\/wp-content\/uploads\/PlaquetteAssociations.pdf\" target=\"_blank\" rel=\"noopener noreferrer\">plaquette des associations<\/a>\u00a0les r\u00e9pertoriant avec les coordonn\u00e9es de chaque responsable.<\/p>\n<p><img decoding=\"async\" class=\"alignleft wp-image-677\" src=\"https:\/\/www.cruet.fr\/wp-content\/uploads\/MaisonAssociation.jpg\" alt=\"La Maison des Associations\" width=\"250\" height=\"188\" \/>\u00a0\u00a0\u00a0\u00a0<img decoding=\"async\" class=\"alignnone wp-image-676\" src=\"https:\/\/www.cruet.fr\/wp-content\/uploads\/SalleFetes.jpg\" alt=\"La Salle des F\u00eates\" width=\"250\" height=\"188\" \/><\/p>\n<h3 style=\"text-align: left;\"><span style=\"color: #ff6600;\">A.2.C (Association des Cavaliers de Cruet)<\/span><\/h3>\n<p style=\"text-align: left;\"><em><span style=\"color: #808080;\">Activit\u00e9s pour animer la vie du club et aider \u00e0 financer les sorties en comp\u00e9titions des cavaliers de l&rsquo;\u00e9curie DLM-Equistal<\/span><\/em><\/p>\n<p style=\"text-align: left;\"><strong>Pr\u00e9sidente : Jo\u00eblle Rozes<\/strong><br \/>\nT\u00e9l. : 06 81 73 01 26<br \/>\nCourriel : <a href=\"mailto:assochevalcruet73@gmail.com\">assochevalcruet73(a)gmail.com<\/a><\/p>\n<h3><span style=\"color: #ff6600;\">ADMR<\/span><\/h3>\n<p><em><span style=\"color: #808080;\">Aide \u00e0 Domicile en Milieu Rural<\/span><\/em><\/p>\n<p>23 rue du Mont Charvet &#8211; 73800 Cruet<br \/>\nT\u00e9l. : 04 79 85 00 32<br \/>\nCourriel : <a href=\"mailto:st-pierre@fede73.org\">st-pierre(a)fede73.org<\/a><br \/>\n<a href=\"http:\/\/www.admr.org\" target=\"_blank\" rel=\"noopener noreferrer\">www.admr.org<\/a><\/p>\n<h3><span style=\"color: #ff6600;\">Les Anciens combattants<\/span><\/h3>\n<p style=\"text-align: left;\"><span style=\"color: #808080;\"><em>C\u00e9l\u00e9brations comm\u00e9moratives devant les monuments aux Morts devant l\u2019\u00e9glise \/ monuments aux Fusill\u00e9s<\/em><\/span><\/p>\n<p style=\"text-align: left;\"><strong>Pr\u00e9sident : Raymond Gachet<br \/>\n<\/strong>Courriel : <a href=\"mailto:sellier-21@orange.fr\">sellier-21(a)orange.fr<\/a><\/p>\n<h3 style=\"text-align: left;\"><span style=\"color: #ff6600;\">La Band&rsquo;Atypik<\/span><\/h3>\n<p style=\"text-align: left;\"><span style=\"color: #808080;\"><em>Pratique collective de la musique, cours individuel pour enfant et adulte et pr\u00eat d\u2019instrument, \u00e9veil musical des 3-6 ans<\/em><\/span><\/p>\n<p style=\"text-align: left;\"><strong>Pr\u00e9sident : Marie-Christine Cervantes<\/strong><br \/>\nCourriel : <a id=\"LPlnk885715\" href=\"mailto:clique.cruet@gmail.com\" target=\"_blank\" rel=\"noopener noreferrer\" data-auth=\"NotApplicable\" data-linkindex=\"0\">clique.cruet(a)gmail.com<\/a><br \/>\n<a href=\"http:\/\/www.cliquedecruet.fr\" target=\"_blank\" rel=\"noopener noreferrer\">www.cliquedecruet.fr<\/a><\/p>\n<h3><span style=\"color: #ff6600;\">La Bulle Ouverte<\/span><\/h3>\n<p><em>D\u00e9couverte des pratiques de m\u00e9ditation de pleine conscience pour apprivoiser le stress et vivre les sollicitations autrement<\/em><\/p>\n<p><strong>Contact : Am\u00e9lie Vion \/ S\u00e9bastien Didelot<\/strong><br \/>\nT\u00e9l. 06.28.07.78.46<br \/>\n<a href=\"http:\/\/www.labulleouverte.fr\" target=\"_blank\" rel=\"noopener\">www.labulleouverte.fr<\/a><\/p>\n<h3 style=\"text-align: left;\"><span style=\"color: #ff6600;\">Cap D\u00e9veloppement<\/span><\/h3>\n<p style=\"text-align: left;\"><span style=\"color: #808080;\"><em>ONG Internationale. Actions en faveur du financement de projets de d\u00e9veloppement au Burkina-Faso. Cap-D\u00e9veloppement (section Arbin-Cruet) organise chaque ann\u00e9e 2 manifestations\u00a0: <strong>la f\u00eate du Partage <\/strong>\u00e0 Cruet<strong> et la f\u00eate de Notre Dame des<\/strong> <strong>Vignes<\/strong> \u00e0 Arbin.<\/em><\/span><\/p>\n<p style=\"text-align: left;\"><strong>Responsable : Joseph Pasteur<\/strong><br \/>\nT\u00e9l. : 04 79 84 30 62<br \/>\nCourriel : <a href=\"mailto:joseph.pasteur@orange.fr\">joseph.pasteur(a)orange.fr<\/a><\/p>\n<h3 style=\"text-align: left;\"><span style=\"color: #ff6600;\">Celliers et cabanes des c\u00f4teaux baujus<\/span><\/h3>\n<p><em>Mise en valeur du patrimoine viticole des c\u00f4teaux baujus<\/em><\/p>\n<p><strong>Pr\u00e9sident : Fran\u00e7ois Tiollier<\/strong><br \/>\nT\u00e9l. : 06 09 45 78 96<\/p>\n<h3><span style=\"color: #ff6600;\">Chasseurs<\/span><\/h3>\n<p style=\"text-align: left;\"><span style=\"color: #819c28;\"><em><span style=\"color: #808080;\">Association Communale de Chasse Agr\u00e9e (ACCA) de Cruet. Les gardes-chasse asserment\u00e9s de Cruet sont Jo\u00ebl Badin et Marcel Gailland<\/span><br \/>\n<\/em><\/span><\/p>\n<p style=\"text-align: left;\"><strong>Pr\u00e9sident : Pascal Dunand<\/strong><br \/>\nT\u00e9l. : 04 79 28 20 47<br \/>\n<a href=\"http:\/\/www.chasseursdesavoie.com\" target=\"_blank\" rel=\"noopener noreferrer\">www.chasseursdesavoie.com<\/a><\/p>\n<h3 style=\"text-align: left;\"><span style=\"color: #ff6600;\">Le Comit\u00e9 des F\u00eates<\/span><\/h3>\n<p style=\"text-align: justify;\"><span style=\"color: #819c28;\"><span style=\"color: #808080;\"><em>Organisation de manifestations et d&rsquo;animations de la vie du village<\/em><\/span><br \/>\n<\/span><\/p>\n<p style=\"text-align: left;\"><strong>Pr\u00e9sident : Jean-Jacques Malet<\/strong><br \/>\nT\u00e9l. : 06 16 26 93 76<br \/>\nCourriel : <a href=\"mailto:billymarie38@yahoo.fr\" target=\"_blank\" rel=\"noopener\">billymarie38(a)yahoo.fr<\/a><\/p>\n<h3 style=\"text-align: left;\"><span style=\"color: #ff6600;\"><span data-olk-copy-source=\"MessageBody\">Cruet Cardio Fit&rsquo;<\/span><\/span><\/h3>\n<p style=\"text-align: justify;\"><span style=\"color: #808080;\"><em>A<span data-olk-copy-source=\"MessageBody\">ctivit\u00e9s de fitness<\/span><\/em><\/span><\/p>\n<p><strong>Pr\u00e9sidente : C\u00e9line Brun<\/strong><br \/>\nT\u00e9l. : 06 88 97 54 36<\/p>\n<p style=\"text-align: left;\">Courriel : <a href=\"mailto:cruetcardiofit@gmail.com\" data-linkindex=\"2\" data-olk-copy-source=\"MessageBody\">cruetcardiofit(a)gmail.com<\/a><br \/>\n<a href=\"https:\/\/www.facebook.com\/lesairelles.cruet73\" target=\"_blank\" rel=\"noopener noreferrer\">https:\/\/www.facebook.com\/lesairelles.cruet73<\/a><\/p>\n<h3 style=\"text-align: left;\"><span style=\"color: #ff6600;\">Cruet Enduro<\/span><\/h3>\n<p style=\"text-align: left;\"><span style=\"color: #808080;\"><em>D\u00e9couverte et pratique de la randonn\u00e9e moto dans le respect de l\u2019environnement, entretien des chemins<\/em><\/span><\/p>\n<p style=\"text-align: left;\"><strong>Pr\u00e9sident : Julien Rochet<\/strong><br \/>\nT\u00e9l. : 04 79 71 69 56 | Courriel : <a href=\"mailto:cruet.enduro@gmail.com\">cruet.enduro(a)gmail.com<\/a><\/p>\n<h3 style=\"text-align: left;\"><span style=\"color: #ff6600;\">Cruet Nature et Patrimoines<\/span><\/h3>\n<p style=\"text-align: left;\"><span style=\"color: #808080;\"><em>Visites guid\u00e9es et comment\u00e9es sur les patrimoines, entretien des sentiers<\/em><\/span><\/p>\n<p><strong>Denise Cunit<\/strong><br \/>\nT\u00e9l. : 07 85 69 71 56<br \/>\nCourriel : <a href=\"mailto:cruet.np.73@outlook.fr\">cruet.np.73(a)outlook.fr<\/a><br \/>\n<a href=\"http:\/\/cruet.np.free.fr\">http:\/\/cruet.np.free.fr<\/a><\/p>\n<h3><span style=\"color: #ff6600;\">Cruet Running Club<\/span><\/h3>\n<p><em>Club de course \u00e0 pied adulte<\/em><br \/>\n<em>Entra\u00eenement le jeudi 19h-21h et le dimanche 18h-20h<\/em><br \/>\n<em>Tous niveaux, rendez vous devant l\u2019\u00e9glise de Cruet.<\/em><\/p>\n<p><strong>Pr\u00e9sident : Yann Le Saux<\/strong><br \/>\nCourriel : <a href=\"mailto:crc73800@gmail.com\">crc73800(a)gmail.com<\/a><\/p>\n<h3 style=\"text-align: left;\"><span style=\"color: #ff6600;\">Cruet sophrologie et bien-\u00eatre<\/span><\/h3>\n<p><span style=\"color: #808080;\"><em>Pratique d\u2019activit\u00e9s de bien-\u00eatre telles que la sophrologie et la relaxation&#8230;<\/em><\/span><\/p>\n<p><strong>Marie-Pierre COSTILLE<\/strong><br \/>\nT\u00e9l. : 06 66 68 70 03<br \/>\ncourriel : <a href=\"mailto:mariepierre.costille@gmail.com\" target=\"_blank\" rel=\"noopener noreferrer\">mariepierre.costille(a)gmail.com<\/a><\/p>\n<h3 style=\"text-align: left;\"><span style=\"color: #ff6600;\">G\u00e9n\u00e9rations Mouvement<\/span><\/h3>\n<p style=\"text-align: left;\"><strong>Club LA MAGNENNAZ (les ain\u00e9s ruraux)<\/strong><br \/>\n<span style=\"color: #808080;\"><em>Jeux de soci\u00e9t\u00e9, marche et randonn\u00e9es \u00ab jeudi de la forme \u00bb, sorties th\u00e9matiques<\/em><\/span><\/p>\n<p style=\"text-align: left;\"><strong>Pr\u00e9sidente : Marie-Christine Le Cloirec<\/strong><br \/>\nT\u00e9l. : 06 81 53 72 74<\/p>\n<p style=\"text-align: left;\">Musique et Danse : Yannick Munier<br \/>\nT\u00e9l. : 06 29 53 86 14<\/p>\n<h3 style=\"text-align: left;\"><span style=\"color: #ff6600;\">Le Grand Raid 73<\/span><\/h3>\n<p style=\"text-align: left;\"><span style=\"color: #819c28;\"><span style=\"color: #808080;\"><em>Association fondatrice et organisatrice de l\u2019\u00e9preuve sportive de quatre parcours : 73 km avec plus de 5000 m de d\u00e9nivel\u00e9 en solo ou en relais, 23 km avec 1450 m de d\u00e9nivel\u00e9, 10 km avec 500 m\u00a0 de d\u00e9nivel\u00e9. Pour les familles, marche festive de 10 km<\/em><\/span><br \/>\n<\/span><\/p>\n<p style=\"text-align: left;\"><strong>Pr\u00e9sident : Laurent Lambert<\/strong><br \/>\nT\u00e9l. : 06 37 88 88 23<br \/>\nCourriel : <a href=\"mailto:laurent.lambert4810@gmail.com\">laurent.lambert4810(a)gmail.com<\/a><br \/>\n<a href=\"http:\/\/www.grandraid73.fr\" target=\"_blank\" rel=\"noopener noreferrer\">www.grandraid73.fr<\/a><\/p>\n<h3 style=\"text-align: left;\"><span style=\"color: #ff6600;\">Harmonie en Mouvement<\/span><\/h3>\n<p style=\"text-align: justify;\"><span style=\"color: #808080;\"><em>M\u00e9thode Feldenkrais, prise de conscience par le mouvement<\/em><\/span><\/p>\n<p style=\"text-align: left;\"><strong>Responsable : Elisabeth Larchier<\/strong><br \/>\nT\u00e9l. : 09 60 41 90 72<br \/>\nCourriel : <a href=\"mailto:elarchier@wanadoo.fr\">elarchier(a)wanadoo.fr<\/a><br \/>\n<a href=\"http:\/\/www.feldenkrais-france.org\">www.feldenkrais-france.org<\/a><\/p>\n<h3 style=\"text-align: left;\"><span style=\"color: #ff6600;\">Les Indiens de Montlamb\u2019Air<\/span><\/h3>\n<p style=\"text-align: left;\"><em><span style=\"color: #808080;\">Pratique individuelle du parapente, familiale, en comp\u00e9tition. Journ\u00e9es de vols biplaces pour les personnes handicap\u00e9es<\/span><\/em><\/p>\n<p style=\"text-align: left;\"><strong>Pr\u00e9sident: Mailley Braisaz<\/strong><br \/>\nT\u00e9l. : 06 35 52 12 08<br \/>\n<a href=\"http:\/\/www.montlambair.org\" target=\"_blank\" rel=\"noopener noreferrer\">www.montlambair.org<\/a><\/p>\n<h3 style=\"text-align: left;\"><span style=\"color: #ff6600;\">La Leche League<\/span><\/h3>\n<p style=\"text-align: left;\"><span style=\"color: #808080;\"><em>Le maternage par l\u2019allaitement materne, l\u2019accompagnement des parents, pr\u00eat d\u2019ouvrages et documents vari\u00e9s, information et formation des professionnels<\/em><\/span><\/p>\n<p style=\"text-align: left;\"><strong>Marie-H\u00e9l\u00e8ne Plaveret<\/strong><br \/>\nT\u00e9l. : 04 79 65 37 14<br \/>\nCourriel : <a href=\"mailto:linafavre@yahoo.fr\" target=\"_blank\" rel=\"noopener noreferrer\">linafavre(a)yahoo.fr<\/a><br \/>\n<a href=\"http:\/\/www.lllfrance.org\" target=\"_blank\" rel=\"noopener noreferrer\">www.lllfrance.org<\/a><\/p>\n<h3 style=\"text-align: left;\"><span style=\"color: #ff6600;\">Mahabo Horizon<\/span><\/h3>\n<p style=\"text-align: left;\"><em><span style=\"color: #808080;\">Coop\u00e9ration Internationale : aide dans le domaine de l\u2019\u00e9ducation et de la sant\u00e9 en faveur des habitants d\u2019un village malgache<\/span><\/em><\/p>\n<p style=\"text-align: left;\"><span style=\"color: #8c8c8c;\"><strong>Pr\u00e9sidente : No\u00eblle Feuerbach<\/strong><\/span><br \/>\nT\u00e9l. : 04 79 84 11 84<br \/>\nCourriel : <a href=\"mailto:antonini.noelle@gmail.com\" target=\"_blank\" rel=\"noopener noreferrer\">antonini.noelle(a)gmail.com<\/a><\/p>\n<h3><span style=\"color: #ff6600;\">Le Marocaf\u2019<\/span><\/h3>\n<p><span style=\"color: #808080;\"><em>Caf\u00e9 associatif<\/em><\/span><\/p>\n<p><strong>Claire Dal Vecchio &amp; Neele Claeys<\/strong><br \/>\nT\u00e9l. : 06 62 89 44 60<br \/>\nCourriel : <a href=\"mailto:cafe.asso.cruet@gmail.com\" target=\"_blank\" rel=\"noopener\">cafe.asso.cruet(a)gmail.com<\/a><br \/>\n<a href=\"http:\/\/www.facebook.com\/cafe.asso.cruet\" target=\"_blank\" rel=\"noopener\">www.facebook.com\/cafe.asso.cruet<\/a><\/p>\n<h3 style=\"text-align: left;\"><span style=\"color: #ff6600;\">Sant\u00e9 Environnement Combe de Savoie<\/span><\/h3>\n<p style=\"text-align: left;\"><span style=\"color: #808080;\"><em>L\u2019association se veut apolitique, ind\u00e9pendante et objective, avec pour seule ambition : le bien-\u00eatre pr\u00e9sent et futur de la population, en souhaitant sensibiliser cette derni\u00e8re aux probl\u00e8mes de pollution de toutes natures<\/em><\/span><\/p>\n<p><strong>Patrick Camus et Maurice Pichon<\/strong><br \/>\nT\u00e9l. : 06 03 52 82 88<br \/>\nCourriel : <a href=\"mailto:secs.asso@gmail.com\" target=\"_blank\" rel=\"noopener noreferrer\">secs.asso(a)gmail.com<\/a><\/p>\n<h3 style=\"text-align: left;\"><span style=\"color: #ff6600;\">Les Strad<\/span><\/h3>\n<p style=\"text-align: justify;\"><span style=\"color: #819c28;\"><span style=\"color: #808080;\"><em>Cours de danse Modern Jazz pour tous les \u00e2ges<\/em><\/span><br \/>\n<\/span><\/p>\n<p style=\"text-align: left;\">Courriel : <a href=\"mailto:lesstrad@yahoo.fr\" target=\"_blank\" rel=\"noopener noreferrer\">lesstrad(a)yahoo.fr<\/a><\/p>\n<p style=\"text-align: left;\"><strong>Professeur de danse : Elorie Mareau-Guichard<\/strong><br \/>\nT\u00e9l. : 06 82 03 93 05<\/p>\n<p><a href=\"https:\/\/www.facebook.com\/Les-STRAD-573570769436850\/\" target=\"_blank\" rel=\"noopener noreferrer\">www.facebook.com\/Les-STRAD-573570769436850\/<\/a><\/p>\n<h3><span style=\"color: #ff6600;\">La Tirelire des \u00e9coliers<\/span><\/h3>\n<p style=\"text-align: left;\"><span style=\"color: #808080;\"><em>Association des parents d\u2019\u00e9l\u00e8ves de l\u2019\u00e9cole de Cruet, actions en faveur du financement des activit\u00e9s scolaires<\/em><\/span><\/p>\n<p style=\"text-align: left;\"><span id=\"x_yui_3_16_0_ym19_1_1476440968752_15931\">La tirelire des \u00e9coliers a un fonctionnement coll\u00e9gial, un mail group\u00e9 est disponible pour contacter les membres actifs de l&rsquo;association<\/span><\/p>\n<p style=\"text-align: left;\">Courriel : <span id=\"x_yui_3_16_0_ym19_1_1476440968752_15931\"><\/span><a id=\"x_yui_3_16_0_ym19_1_1476440968752_15932\" href=\"mailto:la.tirelire.des.ecoliers.cruet@gmail.com\" target=\"_blank\" rel=\"noopener noreferrer\">la.tirelire.des.ecoliers.cruet@gmail.com<\/a><\/p>\n","protected":false},"excerpt":{"rendered":"<p>La vie sociale \u00e0 Cruet ne serait pas si agr\u00e9able sans tous ces b\u00e9n\u00e9voles qui renouvellent chaque ann\u00e9e les activit\u00e9s propos\u00e9es par les diff\u00e9rentes associations &hellip;<\/p>\n","protected":false},"author":2,"featured_media":0,"parent":0,"menu_order":0,"comment_status":"closed","ping_status":"closed","template":"","meta":{"footnotes":""},"class_list":["post-63","page","type-page","status-publish","hentry"],"_links":{"self":[{"href":"https:\/\/www.cruet.fr\/index.php?rest_route=\/wp\/v2\/pages\/63","targetHints":{"allow":["GET"]}}],"collection":[{"href":"https:\/\/www.cruet.fr\/index.php?rest_route=\/wp\/v2\/pages"}],"about":[{"href":"https:\/\/www.cruet.fr\/index.php?rest_route=\/wp\/v2\/types\/page"}],"author":[{"embeddable":true,"href":"https:\/\/www.cruet.fr\/index.php?rest_route=\/wp\/v2\/users\/2"}],"replies":[{"embeddable":true,"href":"https:\/\/www.cruet.fr\/index.php?rest_route=%2Fwp%2Fv2%2Fcomments&post=63"}],"version-history":[{"count":5,"href":"https:\/\/www.cruet.fr\/index.php?rest_route=\/wp\/v2\/pages\/63\/revisions"}],"predecessor-version":[{"id":5459,"href":"https:\/\/www.cruet.fr\/index.php?rest_route=\/wp\/v2\/pages\/63\/revisions\/5459"}],"wp:attachment":[{"href":"https:\/\/www.cruet.fr\/index.php?rest_route=%2Fwp%2Fv2%2Fmedia&parent=63"}],"curies":[{"name":"wp","href":"https:\/\/api.w.org\/{rel}","templated":true}]}}