{"id":73,"date":"2014-09-12T14:32:22","date_gmt":"2014-09-12T13:32:22","guid":{"rendered":"http:\/\/www.cruet.fr\/?page_id=73"},"modified":"2025-11-25T15:45:52","modified_gmt":"2025-11-25T14:45:52","slug":"lecole","status":"publish","type":"page","link":"https:\/\/www.cruet.fr\/?page_id=73","title":{"rendered":"L&rsquo;\u00e9cole"},"content":{"rendered":"<p><img loading=\"lazy\" decoding=\"async\" class=\"alignnone wp-image-3823\" src=\"https:\/\/www.cruet.fr\/wp-content\/uploads\/rentree-ecole-1024x576.jpg\" alt=\"\" width=\"500\" height=\"281\" srcset=\"https:\/\/www.cruet.fr\/wp-content\/uploads\/rentree-ecole-1024x576.jpg 1024w, https:\/\/www.cruet.fr\/wp-content\/uploads\/rentree-ecole-300x169.jpg 300w, https:\/\/www.cruet.fr\/wp-content\/uploads\/rentree-ecole-768x432.jpg 768w, https:\/\/www.cruet.fr\/wp-content\/uploads\/rentree-ecole-1536x864.jpg 1536w, https:\/\/www.cruet.fr\/wp-content\/uploads\/rentree-ecole-2048x1152.jpg 2048w\" sizes=\"auto, (max-width: 500px) 100vw, 500px\" \/><\/p>\n<h2 style=\"text-align: left;\"><span style=\"color: #ff6600;\">L&rsquo;\u00e9ducation \u00e0 l&rsquo;\u00e9cologie<\/span><\/h2>\n<p style=\"text-align: left;\">L&rsquo;\u00e9cole est inscrite dans un projet \u00e9co-\u00e9cole depuis plusieurs ann\u00e9es. Plusieurs th\u00e8mes ont \u00e9t\u00e9 abord\u00e9s : tri des d\u00e9chets, l&rsquo;eau : d&rsquo;o\u00f9 elle vient, o\u00f9 elle va, bio-diversit\u00e9, alimentation, \u00e9nergie, solidarit\u00e9&#8230;<\/p>\n<p style=\"text-align: left;\">Tous ces travaux ont \u00e9t\u00e9 r\u00e9compens\u00e9s chaque ann\u00e9e par un jury national qui nous a d\u00e9livr\u00e9 le label Eco-Ecole. <strong>A cela s&rsquo;ajoute de nombreuses activit\u00e9s auxquels les enfants ont particip\u00e9 ou participeront<\/strong> :<\/p>\n<ul style=\"text-align: left;\">\n<li><span style=\"color: #fa5705;\"><strong>sur l\u2019environnement proche<\/strong><\/span> : la traditionnelle sortie vendanges.<\/li>\n<li><span style=\"color: #fa5705;\"><strong>sur le plan sportif<\/strong><\/span> : s\u00e9ances piscine \u00e0 Chamb\u00e9ry, s\u00e9ances de ski alpin au Marg\u00e9riaz, journ\u00e9e v\u00e9lo&#8230;<\/li>\n<li><span style=\"color: #fa5705;\"><strong>sur le plan culturel<\/strong><\/span> : Sortie th\u00e9\u00e2tre, sorties mus\u00e9e des Beaux Arts&#8230;<\/li>\n<\/ul>\n<p style=\"text-align: left;\">Toutes ces activit\u00e9s sont financ\u00e9es en grande partie par la Tirelire des \u00e9coliers (association de parents d&rsquo;\u00e9l\u00e8ves) qui organise diff\u00e9rentes manifestations pour r\u00e9colter de l\u2019argent et par une subvention de la Mairie pour le transport. Merci aussi aux nombreux b\u00e9n\u00e9voles (parents, grands-parents ou amis de l&rsquo;\u00e9cole) qui nous accompagnent lors de ces sorties.<\/p>\n<p style=\"text-align: left;\">Chaque \u00e9l\u00e8ve de CM a pour l\u2019ann\u00e9e un instrument mis \u00e0 sa disposition et b\u00e9n\u00e9ficie d\u2019une heure d\u2019enseignement musical hebdomadaire. Les \u00e9l\u00e8ves pr\u00e9sentent le r\u00e9sultat de leur travail lors du concert de fin d&rsquo;ann\u00e9e avec la Clique de Cruet.<\/p>\n<h2><span style=\"color: #ff6600;\">Enseignants<\/span><\/h2>\n<p style=\"text-align: left;\">Directrice :<span style=\"color: #fa5705;\"> Fabienne BELLOLI <\/span>(permanence bureau le vendredi)<br \/>\nClasse de PS\/MS\/GS maternelle : <span style=\"color: #fa5705;\">Fabienne BELLOLI<\/span><br \/>\nClasse de GS\/CP : <span style=\"color: #fa5705;\">Mireille de GABAI<\/span><br \/>\nClasse de CE1\/CE2 : <span style=\"color: #fa5705;\">Evelyne AGUETTAZ-CAMELIO<\/span><br \/>\nClasse de CM1\/CM2 : <span style=\"color: #fa5705;\">Katy ROCCIA<\/span><\/p>\n<h2><span style=\"color: #ff6600;\">Emplois non enseignants<\/span><\/h2>\n<ul>\n<li>ATSEM : <span style=\"color: #fa5705;\">\u00a0Dominique LAPIERRE<\/span><\/li>\n<li>AESH : <span style=\"color: #fa5705;\">Aur\u00e9lie BRUNET<\/span><\/li>\n<\/ul>\n<h2><span style=\"color: #ff6600;\">Infos utiles<\/span><\/h2>\n<p style=\"text-align: left;\">L&rsquo;\u00e9cole est un point de collecte : pour les piles usag\u00e9es, cartouches d&rsquo;encre d&rsquo;imprimantes ou photocopieurs, bouchons de bouteilles.<\/p>\n<blockquote><p><strong>Coordonn\u00e9es<\/strong><\/p>\n<p>78 rue des \u00e9coliers &#8211; 73800 Cruet<br \/>\nT\u00e9l\u00e9phone : 09 60 15 09 73<br \/>\nM\u00e9l : <a href=\"mailto:ce.0730351K@ac-grenoble.fr\" target=\"_blank\" rel=\"noopener noreferrer\">ce.0730351K(a)ac-grenoble.fr<\/a><br \/>\nSite Internet : <a href=\"http:\/\/www.ac-grenoble.fr\/ecole\/cruet\/\" target=\"_blank\" rel=\"noopener noreferrer\">http:\/\/www.ac-grenoble.fr\/ecole\/cruet\/<\/a><\/p><\/blockquote>\n<h2><span style=\"color: #ff6600;\">Les cong\u00e9s scolaires<\/span><\/h2>\n<p style=\"text-align: left;\">Le calendrier est \u00e9tabli sur la base de 24 heures d&rsquo;enseignement chaque semaine du lundi au vendredi.<\/p>\n<p style=\"text-align: left;\">T\u00e9l\u00e9chargez <a href=\"http:\/\/www.education.gouv.fr\/pid25058\/le-calendrier-scolaire.html\" target=\"_blank\" rel=\"noopener noreferrer\">le Calendrier scolaire<\/a><\/p>\n","protected":false},"excerpt":{"rendered":"<p>L&rsquo;\u00e9ducation \u00e0 l&rsquo;\u00e9cologie L&rsquo;\u00e9cole est inscrite dans un projet \u00e9co-\u00e9cole depuis plusieurs ann\u00e9es. Plusieurs th\u00e8mes ont \u00e9t\u00e9 abord\u00e9s : tri des d\u00e9chets, l&rsquo;eau : d&rsquo;o\u00f9 &hellip;<\/p>\n","protected":false},"author":2,"featured_media":0,"parent":0,"menu_order":0,"comment_status":"closed","ping_status":"closed","template":"","meta":{"footnotes":""},"class_list":["post-73","page","type-page","status-publish","hentry"],"_links":{"self":[{"href":"https:\/\/www.cruet.fr\/index.php?rest_route=\/wp\/v2\/pages\/73","targetHints":{"allow":["GET"]}}],"collection":[{"href":"https:\/\/www.cruet.fr\/index.php?rest_route=\/wp\/v2\/pages"}],"about":[{"href":"https:\/\/www.cruet.fr\/index.php?rest_route=\/wp\/v2\/types\/page"}],"author":[{"embeddable":true,"href":"https:\/\/www.cruet.fr\/index.php?rest_route=\/wp\/v2\/users\/2"}],"replies":[{"embeddable":true,"href":"https:\/\/www.cruet.fr\/index.php?rest_route=%2Fwp%2Fv2%2Fcomments&post=73"}],"version-history":[{"count":0,"href":"https:\/\/www.cruet.fr\/index.php?rest_route=\/wp\/v2\/pages\/73\/revisions"}],"wp:attachment":[{"href":"https:\/\/www.cruet.fr\/index.php?rest_route=%2Fwp%2Fv2%2Fmedia&parent=73"}],"curies":[{"name":"wp","href":"https:\/\/api.w.org\/{rel}","templated":true}]}}