{"id":85,"date":"2014-09-12T14:34:45","date_gmt":"2014-09-12T12:34:45","guid":{"rendered":"http:\/\/www.cruet.fr\/?page_id=85"},"modified":"2022-02-15T10:21:10","modified_gmt":"2022-02-15T09:21:10","slug":"relai-assistante-maternelle","status":"publish","type":"page","link":"https:\/\/www.cruet.fr\/?page_id=85","title":{"rendered":"Relais Petite Enfance"},"content":{"rendered":"<p style=\"text-align: left;\">Les parents, assistantes maternelles ou employ\u00e9s \u00e0 domicile (garde d&rsquo;enfants) qui souhaitent des informations au sujet de la garde d&rsquo;enfant peuvent faire appel \u00e0 <strong>Annie Guillard<\/strong>, responsable du Relais Petite Enfance. Elle tient une <strong>permanence d\u2019accueil individuel<\/strong> \u00e0 l&rsquo;Espace Communal Mont Charvet, salle au rez de chauss\u00e9e gauche chaque 1er mardi du mois de 16h30 \u00c0 19h.<\/p>\n<p>Ce lieu d&rsquo;accueil, d&rsquo;information et d&rsquo;animation est g\u00e9r\u00e9 par le <strong>Centre socioculturel la Partageraie.<\/strong><\/p>\n<p style=\"text-align: left;\">La liste actualis\u00e9e des assistantes maternelles est disponible sur demande.<\/p>\n<p style=\"text-align: left;\"><strong>Des ateliers d\u2019\u00e9veil<\/strong> r\u00e9serv\u00e9s aux enfants, confi\u00e9s \u00e0 une assistante maternelle ou employ\u00e9e \u00e0 domicile, accompagn\u00e9s d&rsquo;elles-m\u00eames ou de leurs parents ont lieu r\u00e9guli\u00e8rement le jeudi matin dans la salle des f\u00eates de Cruet.<\/p>\n<p>Les autres permanences du Relais sont:<\/p>\n<ul>\n<li>St Pierre d&rsquo;Albigny (la Combe Noire): 2i\u00e8me et 4i\u00e8me mardis (16h30-19h)\/<strong>vendredis<\/strong> (8h30-12h30)<\/li>\n<li>St Jean de la Porte (mairie): 3i\u00e8me mardi (16h30-19h)<\/li>\n<\/ul>\n<p style=\"text-align: left;\"><span style=\"color: #fa5705;\"><strong>Relais Petite Enfance (ex Relais Assistantes Maternelles)<\/strong><\/span><\/p>\n<p style=\"text-align: left;\">105, all\u00e9e des Vallons<\/p>\n<p>N\u00b01 Immeuble La Combe Noire<br \/>\n73250 Saint-Pierre d\u2019Albigny<br \/>\nT\u00e9l\u00e9phone : 04 79 28 06 71 ou 07 83 01 10 94<br \/>\nM\u00e9l : <a href=\"mailto:ramacastpierre@free.fr\" target=\"_blank\" rel=\"noopener noreferrer\">petite.enfance(a)lapartageraie.fr<\/a><\/p>\n<ul>\n<li style=\"text-align: left;\">Voir aussi la rubrique <a href=\"http:\/\/aca-combedesavoie.fr\/pages\/pe\/pe-04.php\" target=\"_blank\" rel=\"noopener noreferrer\">Jeunesse Action Sociale du site de la Combe de Savoie<\/a><\/li>\n<\/ul>\n","protected":false},"excerpt":{"rendered":"<p>Les parents, assistantes maternelles ou employ\u00e9s \u00e0 domicile (garde d&rsquo;enfants) qui souhaitent des informations au sujet de la garde d&rsquo;enfant peuvent faire appel \u00e0 Annie &hellip;<\/p>\n","protected":false},"author":2,"featured_media":0,"parent":0,"menu_order":0,"comment_status":"closed","ping_status":"closed","template":"","meta":{"footnotes":""},"class_list":["post-85","page","type-page","status-publish","hentry"],"_links":{"self":[{"href":"https:\/\/www.cruet.fr\/index.php?rest_route=\/wp\/v2\/pages\/85","targetHints":{"allow":["GET"]}}],"collection":[{"href":"https:\/\/www.cruet.fr\/index.php?rest_route=\/wp\/v2\/pages"}],"about":[{"href":"https:\/\/www.cruet.fr\/index.php?rest_route=\/wp\/v2\/types\/page"}],"author":[{"embeddable":true,"href":"https:\/\/www.cruet.fr\/index.php?rest_route=\/wp\/v2\/users\/2"}],"replies":[{"embeddable":true,"href":"https:\/\/www.cruet.fr\/index.php?rest_route=%2Fwp%2Fv2%2Fcomments&post=85"}],"version-history":[{"count":0,"href":"https:\/\/www.cruet.fr\/index.php?rest_route=\/wp\/v2\/pages\/85\/revisions"}],"wp:attachment":[{"href":"https:\/\/www.cruet.fr\/index.php?rest_route=%2Fwp%2Fv2%2Fmedia&parent=85"}],"curies":[{"name":"wp","href":"https:\/\/api.w.org\/{rel}","templated":true}]}}

<p style="text-align: left;">Les parents, assistantes maternelles ou employés à domicile (garde d&rsquo;enfants) qui souhaitent des informations au sujet de la garde d&rsquo;enfant peuvent faire appel à <strong>Annie Guillard</strong>, responsable du Relais Petite Enfance. Elle tient une <strong>permanence d’accueil individuel</strong> à l&rsquo;Espace Communal Mont Charvet, salle au rez de chaussée gauche chaque 1er mardi du mois de 16h30 À 19h.</p>
<p>Ce lieu d&rsquo;accueil, d&rsquo;information et d&rsquo;animation est géré par le <strong>Centre socioculturel la Partageraie.</strong></p>
<p style="text-align: left;">La liste actualisée des assistantes maternelles est disponible sur demande.</p>
<p style="text-align: left;"><strong>Des ateliers d’éveil</strong> réservés aux enfants, confiés à une assistante maternelle ou employée à domicile, accompagnés d&rsquo;elles-mêmes ou de leurs parents ont lieu régulièrement le jeudi matin dans la salle des fêtes de Cruet.</p>
<p>Les autres permanences du Relais sont:</p>
<ul>
<li>St Pierre d&rsquo;Albigny (la Combe Noire): 2ième et 4ième mardis (16h30-19h)/<strong>vendredis</strong> (8h30-12h30)</li>
<li>St Jean de la Porte (mairie): 3ième mardi (16h30-19h)</li>
</ul>
<p style="text-align: left;"><span style="color: #fa5705;"><strong>Relais Petite Enfance (ex Relais Assistantes Maternelles)</strong></span></p>
<p style="text-align: left;">105, allée des Vallons</p>
<p>N°1 Immeuble La Combe Noire<br />
73250 Saint-Pierre d’Albigny<br />
Téléphone : 04 79 28 06 71 ou 07 83 01 10 94<br />
Mél : <a href="mailto:ramacastpierre@free.fr" target="_blank" rel="noopener noreferrer">petite.enfance(a)lapartageraie.fr</a></p>
<ul>
<li style="text-align: left;">Voir aussi la rubrique <a href="http://aca-combedesavoie.fr/pages/pe/pe-04.php" target="_blank" rel="noopener noreferrer">Jeunesse Action Sociale du site de la Combe de Savoie</a></li>
</ul>

<p>Les parents, assistantes maternelles ou employés à domicile (garde d&rsquo;enfants) qui souhaitent des informations au sujet de la garde d&rsquo;enfant peuvent faire appel à Annie &hellip;</p>
